{"id":6025,"date":"2022-07-05T13:11:31","date_gmt":"2022-07-05T11:11:31","guid":{"rendered":"https:\/\/www.marmouzic.org\/?post_type=mec-events&#038;p=6025"},"modified":"2022-07-05T13:12:12","modified_gmt":"2022-07-05T11:12:12","slug":"le-temps-des-fileuses-catherine-le-flochmoan-108","status":"publish","type":"mec-events","link":"https:\/\/www.marmouzic.org\/index.php\/events\/le-temps-des-fileuses-catherine-le-flochmoan-108\/","title":{"rendered":"Le Temps des Fileuses \/ Catherine le Flochmoan \/ Plabennec (29)"},"content":{"rendered":"<p><span class=\"\">Sur sc\u00e8ne, trois histoires pleines d\u2019humour, cont\u00e9es par Catherine Le Flochmoan, r\u00e9pondent \u00e0 quatre films documentaires et images d\u2019archives de la Cin\u00e9math\u00e8que de Bretagne, comme une m\u00e9moire qui ressurgit.<br class=\"\">Et pour que ce voyage dans le temps soit complet : des chansons bretonnes et de la musique vivante sur des airs traditionnels et des compositions de Christofer Bjurstr\u00f6m, revisit\u00e9s \u00e0 l\u2019accord\u00e9on diatonique par Jo\u00ebl Huby.<br class=\"\">Savez-vous par exemple ce que veut dire &nbsp;\u00bb \u00eatre n\u00e9 un samedi soir &nbsp;\u00bb ?<br class=\"\">Vous le d\u00e9couvrirez au d\u00e9tour d\u2019une foire aux chevaux. De fil en aiguille, vous cheminerez aussi dans le quotidien des fileuses et aupr\u00e8s de paysans fac\u00e9tieux\u2026<\/span><\/p>\n","protected":false},"excerpt":{"rendered":"<p>Sur sc\u00e8ne, trois histoires pleines d\u2019humour, cont\u00e9es par Catherine Le Flochmoan, r\u00e9pondent \u00e0 quatre films documentaires et images d\u2019archives de la Cin\u00e9math\u00e8que de Bretagne, comme une m\u00e9moire qui ressurgit.Et pour que ce voyage dans le temps soit complet : des chansons bretonnes et de la musique vivante sur des airs traditionnels et des compositions de&hellip;&nbsp;<a href=\"https:\/\/www.marmouzic.org\/index.php\/events\/le-temps-des-fileuses-catherine-le-flochmoan-108\/\" rel=\"bookmark\">Lire la suite &raquo;<span class=\"screen-reader-text\">Le Temps des Fileuses \/ Catherine le Flochmoan \/ Plabennec (29)<\/span><\/a><\/p>\n","protected":false},"author":1,"featured_media":6008,"comment_status":"closed","ping_status":"closed","template":"","tags":[],"mec_category":[91,82],"class_list":["post-6025","mec-events","type-mec-events","status-publish","has-post-thumbnail","hentry","mec_category-catherine-le-flochmoan","mec_category-cine-concert"],"_links":{"self":[{"href":"https:\/\/www.marmouzic.org\/index.php\/wp-json\/wp\/v2\/mec-events\/6025","targetHints":{"allow":["GET"]}}],"collection":[{"href":"https:\/\/www.marmouzic.org\/index.php\/wp-json\/wp\/v2\/mec-events"}],"about":[{"href":"https:\/\/www.marmouzic.org\/index.php\/wp-json\/wp\/v2\/types\/mec-events"}],"author":[{"embeddable":true,"href":"https:\/\/www.marmouzic.org\/index.php\/wp-json\/wp\/v2\/users\/1"}],"replies":[{"embeddable":true,"href":"https:\/\/www.marmouzic.org\/index.php\/wp-json\/wp\/v2\/comments?post=6025"}],"wp:featuredmedia":[{"embeddable":true,"href":"https:\/\/www.marmouzic.org\/index.php\/wp-json\/wp\/v2\/media\/6008"}],"wp:attachment":[{"href":"https:\/\/www.marmouzic.org\/index.php\/wp-json\/wp\/v2\/media?parent=6025"}],"wp:term":[{"taxonomy":"post_tag","embeddable":true,"href":"https:\/\/www.marmouzic.org\/index.php\/wp-json\/wp\/v2\/tags?post=6025"},{"taxonomy":"mec_category","embeddable":true,"href":"https:\/\/www.marmouzic.org\/index.php\/wp-json\/wp\/v2\/mec_category?post=6025"}],"curies":[{"name":"wp","href":"https:\/\/api.w.org\/{rel}","templated":true}]}}

<p><span class="">Sur scène, trois histoires pleines d’humour, contées par Catherine Le Flochmoan, répondent à quatre films documentaires et images d’archives de la Cinémathèque de Bretagne, comme une mémoire qui ressurgit.<br class="">Et pour que ce voyage dans le temps soit complet : des chansons bretonnes et de la musique vivante sur des airs traditionnels et des compositions de Christofer Bjurström, revisités à l’accordéon diatonique par Joël Huby.<br class="">Savez-vous par exemple ce que veut dire &nbsp;» être né un samedi soir &nbsp;» ?<br class="">Vous le découvrirez au détour d’une foire aux chevaux. De fil en aiguille, vous cheminerez aussi dans le quotidien des fileuses et auprès de paysans facétieux…</span></p>

<p>Sur scène, trois histoires pleines d’humour, contées par Catherine Le Flochmoan, répondent à quatre films documentaires et images d’archives de la Cinémathèque de Bretagne, comme une mémoire qui ressurgit.Et pour que ce voyage dans le temps soit complet : des chansons bretonnes et de la musique vivante sur des airs traditionnels et des compositions de&hellip;&nbsp;<a href="https://www.marmouzic.org/index.php/events/le-temps-des-fileuses-catherine-le-flochmoan-108/" rel="bookmark">Lire la suite &raquo;<span class="screen-reader-text">Le Temps des Fileuses / Catherine le Flochmoan / Plabennec (29)</span></a></p>
