{"id":6184,"date":"2023-05-05T15:30:15","date_gmt":"2023-05-05T13:30:15","guid":{"rendered":"https:\/\/www.marmouzic.org\/index.php\/events\/tous-a-la-noce-et-apres\/"},"modified":"2023-05-05T16:01:06","modified_gmt":"2023-05-05T14:01:06","slug":"tous-a-la-noce-et-apres","status":"publish","type":"mec-events","link":"https:\/\/www.marmouzic.org\/index.php\/events\/tous-a-la-noce-et-apres\/","title":{"rendered":"Tous \u00e0 la noce! Et apr\u00e8s? \/ Tous en Sc\u00e8ne \/ C. Le Flochmoan \/ Locmaria-Plouzan\u00e9 (29)"},"content":{"rendered":"<p align=\"LEFT\"><span style=\"font-size: x-large;\"><b>Par la Cie \u00ab\u00a0Tous en Sc\u00e8ne\u00a0\u00bb, de Locmaria Plouzan\u00e9<br \/>\n<\/b><\/span><\/p>\n<p align=\"LEFT\"><span style=\"font-size: medium;\">D&rsquo;apr\u00e8s \u00ab&nbsp;Les tortues viennent toutes seules&nbsp;\u00bb de Denise Bonal<\/span><\/p>\n<p align=\"LEFT\"><span style=\"font-size: medium;\">adaptation et mise en sc\u00e8ne&nbsp;: Catherine Le Flochmoan<\/span><\/p>\n<p align=\"LEFT\"><span style=\"font-size: small;\">\u00ab&nbsp;Nous sommes dans la France populaire des ann\u00e9es 1950, avec en toile de fond les \u00a0\u00bb \u00e9v\u00e9nements \u00a0\u00bb alg\u00e9riens. Entour\u00e9s de leurs familles et de leurs amis, Elisa et Gustin se marient et convient le public \u00e0 leur mariage&nbsp;: un mariage joyeux mais pas seulement, un mariage dans lequel l&rsquo;histoire avec un grand H s&rsquo;invite&#8230;.les c\u0153urs vacillent entre un optimisme volontaire et une r\u00e9alit\u00e9 plus crue. Par une \u00e9criture entre silences et retenues, la pi\u00e8ce m\u00eale avec brio l&rsquo;humour et le drame, l\u2019intime et le politique, les pulsions d\u2019amour et de mort.&nbsp;\u00bb&nbsp;<\/span><\/p>\n","protected":false},"excerpt":{"rendered":"<p>Par la Cie \u00ab\u00a0Tous en Sc\u00e8ne\u00a0\u00bb, de Locmaria Plouzan\u00e9 D&rsquo;apr\u00e8s \u00ab&nbsp;Les tortues viennent toutes seules&nbsp;\u00bb de Denise Bonal adaptation et mise en sc\u00e8ne&nbsp;: Catherine Le Flochmoan \u00ab&nbsp;Nous sommes dans la France populaire des ann\u00e9es 1950, avec en toile de fond les \u00a0\u00bb \u00e9v\u00e9nements \u00a0\u00bb alg\u00e9riens. Entour\u00e9s de leurs familles et de leurs amis, Elisa et&hellip;&nbsp;<a href=\"https:\/\/www.marmouzic.org\/index.php\/events\/tous-a-la-noce-et-apres\/\" rel=\"bookmark\">Lire la suite &raquo;<span class=\"screen-reader-text\">Tous \u00e0 la noce! Et apr\u00e8s? \/ Tous en Sc\u00e8ne \/ C. Le Flochmoan \/ Locmaria-Plouzan\u00e9 (29)<\/span><\/a><\/p>\n","protected":false},"author":1,"featured_media":6183,"comment_status":"closed","ping_status":"closed","template":"","tags":[],"mec_category":[91,113],"class_list":["post-6184","mec-events","type-mec-events","status-publish","has-post-thumbnail","hentry","mec_category-catherine-le-flochmoan","mec_category-theatre"],"_links":{"self":[{"href":"https:\/\/www.marmouzic.org\/index.php\/wp-json\/wp\/v2\/mec-events\/6184","targetHints":{"allow":["GET"]}}],"collection":[{"href":"https:\/\/www.marmouzic.org\/index.php\/wp-json\/wp\/v2\/mec-events"}],"about":[{"href":"https:\/\/www.marmouzic.org\/index.php\/wp-json\/wp\/v2\/types\/mec-events"}],"author":[{"embeddable":true,"href":"https:\/\/www.marmouzic.org\/index.php\/wp-json\/wp\/v2\/users\/1"}],"replies":[{"embeddable":true,"href":"https:\/\/www.marmouzic.org\/index.php\/wp-json\/wp\/v2\/comments?post=6184"}],"wp:featuredmedia":[{"embeddable":true,"href":"https:\/\/www.marmouzic.org\/index.php\/wp-json\/wp\/v2\/media\/6183"}],"wp:attachment":[{"href":"https:\/\/www.marmouzic.org\/index.php\/wp-json\/wp\/v2\/media?parent=6184"}],"wp:term":[{"taxonomy":"post_tag","embeddable":true,"href":"https:\/\/www.marmouzic.org\/index.php\/wp-json\/wp\/v2\/tags?post=6184"},{"taxonomy":"mec_category","embeddable":true,"href":"https:\/\/www.marmouzic.org\/index.php\/wp-json\/wp\/v2\/mec_category?post=6184"}],"curies":[{"name":"wp","href":"https:\/\/api.w.org\/{rel}","templated":true}]}}

Tous à la noce! Et après? / Tous en Scène / C. Le Flochmoan / Locmaria-Plouzané (29)

<p align="LEFT"><span style="font-size: x-large;"><b>Par la Cie « Tous en Scène », de Locmaria Plouzané<br />
</b></span></p>
<p align="LEFT"><span style="font-size: medium;">D&rsquo;après «&nbsp;Les tortues viennent toutes seules&nbsp;» de Denise Bonal</span></p>
<p align="LEFT"><span style="font-size: medium;">adaptation et mise en scène&nbsp;: Catherine Le Flochmoan</span></p>
<p align="LEFT"><span style="font-size: small;">«&nbsp;Nous sommes dans la France populaire des années 1950, avec en toile de fond les  » événements  » algériens. Entourés de leurs familles et de leurs amis, Elisa et Gustin se marient et convient le public à leur mariage&nbsp;: un mariage joyeux mais pas seulement, un mariage dans lequel l&rsquo;histoire avec un grand H s&rsquo;invite&#8230;.les cœurs vacillent entre un optimisme volontaire et une réalité plus crue. Par une écriture entre silences et retenues, la pièce mêle avec brio l&rsquo;humour et le drame, l’intime et le politique, les pulsions d’amour et de mort.&nbsp;»&nbsp;</span></p>

<p>Par la Cie « Tous en Scène », de Locmaria Plouzané D&rsquo;après «&nbsp;Les tortues viennent toutes seules&nbsp;» de Denise Bonal adaptation et mise en scène&nbsp;: Catherine Le Flochmoan «&nbsp;Nous sommes dans la France populaire des années 1950, avec en toile de fond les  » événements  » algériens. Entourés de leurs familles et de leurs amis, Elisa et&hellip;&nbsp;<a href="https://www.marmouzic.org/index.php/events/tous-a-la-noce-et-apres/" rel="bookmark">Lire la suite &raquo;<span class="screen-reader-text">Tous à la noce! Et après? / Tous en Scène / C. Le Flochmoan / Locmaria-Plouzané (29)</span></a></p>
