{"id":6197,"date":"2023-06-23T17:31:26","date_gmt":"2023-06-23T15:31:26","guid":{"rendered":"https:\/\/www.marmouzic.org\/index.php\/events\/cine-concert-le-cameraman-christofer-bjurstrom-flers-61\/"},"modified":"2023-06-23T17:31:26","modified_gmt":"2023-06-23T15:31:26","slug":"cine-concert-le-cameraman-christofer-bjurstrom-flers-61","status":"publish","type":"mec-events","link":"https:\/\/www.marmouzic.org\/index.php\/events\/cine-concert-le-cameraman-christofer-bjurstrom-flers-61\/","title":{"rendered":"Cin\u00e9-Concert Le Cam\u00e9raman \/ Christofer Bjurstr\u00f6m \/ Flers (61)"},"content":{"rendered":"<p>Le d<strong>ernier chef d\u2019\u0153uvre de Keaton avant l\u2019arriv\u00e9e du cin\u00e9ma parlant. Une muqieu originale de Christofer Bjurstr\u00f6m au piano.<br \/>\n<\/strong><\/p>\n<p>Un photographe des rues r\u00eave de devenir cameraman, par amour pour une jolie secr\u00e9taire de la MGM.&nbsp;<br \/>\nIl ach\u00e8te une vieille cam\u00e9ra et commence \u00e0 filmer, aid\u00e9 et encourag\u00e9 par sa belle.<br \/>\nMalheureusement, rien ne se passe comme pr\u00e9vu et c\u2019est apr\u00e8s bien des p\u00e9rip\u00e9ties que notre h\u00e9ros va pouvoir parvenir \u00e0 ses fins.<\/p>\n<p>A la fois dr\u00f4le et \u00e9mouvant, un grand moment de cin\u00e9ma, servi par une musique lyrique et touchante.<\/p>\n","protected":false},"excerpt":{"rendered":"<p>Le dernier chef d\u2019\u0153uvre de Keaton avant l\u2019arriv\u00e9e du cin\u00e9ma parlant. Une muqieu originale de Christofer Bjurstr\u00f6m au piano. Un photographe des rues r\u00eave de devenir cameraman, par amour pour une jolie secr\u00e9taire de la MGM.&nbsp; Il ach\u00e8te une vieille cam\u00e9ra et commence \u00e0 filmer, aid\u00e9 et encourag\u00e9 par sa belle. Malheureusement, rien ne se&hellip;&nbsp;<a href=\"https:\/\/www.marmouzic.org\/index.php\/events\/cine-concert-le-cameraman-christofer-bjurstrom-flers-61\/\" rel=\"bookmark\">Lire la suite &raquo;<span class=\"screen-reader-text\">Cin\u00e9-Concert Le Cam\u00e9raman \/ Christofer Bjurstr\u00f6m \/ Flers (61)<\/span><\/a><\/p>\n","protected":false},"author":1,"featured_media":6198,"comment_status":"","ping_status":"closed","template":"","tags":[],"mec_category":[81,82],"class_list":["post-6197","mec-events","type-mec-events","status-publish","has-post-thumbnail","hentry","mec_category-christofer-bjurstrom","mec_category-cine-concert"],"_links":{"self":[{"href":"https:\/\/www.marmouzic.org\/index.php\/wp-json\/wp\/v2\/mec-events\/6197","targetHints":{"allow":["GET"]}}],"collection":[{"href":"https:\/\/www.marmouzic.org\/index.php\/wp-json\/wp\/v2\/mec-events"}],"about":[{"href":"https:\/\/www.marmouzic.org\/index.php\/wp-json\/wp\/v2\/types\/mec-events"}],"author":[{"embeddable":true,"href":"https:\/\/www.marmouzic.org\/index.php\/wp-json\/wp\/v2\/users\/1"}],"replies":[{"embeddable":true,"href":"https:\/\/www.marmouzic.org\/index.php\/wp-json\/wp\/v2\/comments?post=6197"}],"wp:featuredmedia":[{"embeddable":true,"href":"https:\/\/www.marmouzic.org\/index.php\/wp-json\/wp\/v2\/media\/6198"}],"wp:attachment":[{"href":"https:\/\/www.marmouzic.org\/index.php\/wp-json\/wp\/v2\/media?parent=6197"}],"wp:term":[{"taxonomy":"post_tag","embeddable":true,"href":"https:\/\/www.marmouzic.org\/index.php\/wp-json\/wp\/v2\/tags?post=6197"},{"taxonomy":"mec_category","embeddable":true,"href":"https:\/\/www.marmouzic.org\/index.php\/wp-json\/wp\/v2\/mec_category?post=6197"}],"curies":[{"name":"wp","href":"https:\/\/api.w.org\/{rel}","templated":true}]}}

Ciné-Concert Le Caméraman / Christofer Bjurström / Flers (61)

<p>Le d<strong>ernier chef d’œuvre de Keaton avant l’arrivée du cinéma parlant. Une muqieu originale de Christofer Bjurström au piano.<br />
</strong></p>
<p>Un photographe des rues rêve de devenir cameraman, par amour pour une jolie secrétaire de la MGM.&nbsp;<br />
Il achète une vieille caméra et commence à filmer, aidé et encouragé par sa belle.<br />
Malheureusement, rien ne se passe comme prévu et c’est après bien des péripéties que notre héros va pouvoir parvenir à ses fins.</p>
<p>A la fois drôle et émouvant, un grand moment de cinéma, servi par une musique lyrique et touchante.</p>

<p>Le dernier chef d’œuvre de Keaton avant l’arrivée du cinéma parlant. Une muqieu originale de Christofer Bjurström au piano. Un photographe des rues rêve de devenir cameraman, par amour pour une jolie secrétaire de la MGM.&nbsp; Il achète une vieille caméra et commence à filmer, aidé et encouragé par sa belle. Malheureusement, rien ne se&hellip;&nbsp;<a href="https://www.marmouzic.org/index.php/events/cine-concert-le-cameraman-christofer-bjurstrom-flers-61/" rel="bookmark">Lire la suite &raquo;<span class="screen-reader-text">Ciné-Concert Le Caméraman / Christofer Bjurström / Flers (61)</span></a></p>
