{"id":9344,"date":"2025-10-08T11:31:42","date_gmt":"2025-10-08T09:31:42","guid":{"rendered":"https:\/\/www.marmouzic.org\/?post_type=mec-events&#038;p=9344"},"modified":"2025-10-08T11:31:43","modified_gmt":"2025-10-08T09:31:43","slug":"le-temps-des-fileuses-catherine-le-flochmoan-grigny-91-992","status":"publish","type":"mec-events","link":"https:\/\/www.marmouzic.org\/index.php\/events\/le-temps-des-fileuses-catherine-le-flochmoan-grigny-91-992\/","title":{"rendered":"Culture en Partage\/ Le Temps des Fileuses \/ Catherine Le Flochmoan \/ Gourlizon (29)"},"content":{"rendered":"<p>Une journ\u00e9e dans le cadre du projet <strong>\u00ab\u00a0Culture en Partage\u00a0\u00bb<\/strong><\/p>\n<p><strong data-renderer-mark=\"true\">La matin\u00e9e \u00e0 l&rsquo;Ecole de Gourslizon:<br \/>\n10h00 \u2013 10h30:<\/strong> <em data-renderer-mark=\"true\">Contes avec les maternelles<\/em><br \/>\n<strong data-renderer-mark=\"true\">11h00 \u2013 11h45<\/strong> <em data-renderer-mark=\"true\">Contes avec les primaires<\/em><\/p>\n<p><strong>Fin d&rsquo;Apr\u00e8s-midi:<\/strong> dans la s<em>alle :<\/em><br \/>\n<strong data-renderer-mark=\"true\">18h30:<\/strong> <em data-renderer-mark=\"true\">Ap\u00e9ritif servi \u00e0 la salle des tribunes pour accueillir les spectateurs<\/em><br \/>\n<strong data-renderer-mark=\"true\">19h00:<\/strong> Le Temps des Fileuses<\/p>\n<p>Et si vous partiez pour un voyage plein d\u2019humour dans la Bretagne rurale des ann\u00e9es 1930 \u00e0 1950 ? Sur sc\u00e8ne, contes et films documentaires accompagn\u00e9s \u00e0 l\u2019accord\u00e9on se r\u00e9pondent, comme une m\u00e9moire pleine d\u2019humour\u00a0 qui resurgit.<\/p>\n<p>Catherine Le Flochmoan, conte et chant<br \/>\nJ\u00e9r\u00f4me Soulas: accord\u00e9on<\/p>\n","protected":false},"excerpt":{"rendered":"<p>Une journ\u00e9e dans le cadre du projet \u00ab\u00a0Culture en Partage\u00a0\u00bb La matin\u00e9e \u00e0 l&rsquo;Ecole de Gourslizon: 10h00 \u2013 10h30: Contes avec les maternelles 11h00 \u2013 11h45 Contes avec les primaires Fin d&rsquo;Apr\u00e8s-midi: dans la salle : 18h30: Ap\u00e9ritif servi \u00e0 la salle des tribunes pour accueillir les spectateurs 19h00: Le Temps des Fileuses Et si&hellip;&nbsp;<a href=\"https:\/\/www.marmouzic.org\/index.php\/events\/le-temps-des-fileuses-catherine-le-flochmoan-grigny-91-992\/\" rel=\"bookmark\">Lire la suite &raquo;<span class=\"screen-reader-text\">Culture en Partage\/ Le Temps des Fileuses \/ Catherine Le Flochmoan \/ Gourlizon (29)<\/span><\/a><\/p>\n","protected":false},"author":1,"featured_media":6055,"comment_status":"closed","ping_status":"closed","template":"","tags":[],"mec_category":[91,112,113],"class_list":["post-9344","mec-events","type-mec-events","status-publish","has-post-thumbnail","hentry","mec_category-catherine-le-flochmoan","mec_category-conte","mec_category-theatre"],"_links":{"self":[{"href":"https:\/\/www.marmouzic.org\/index.php\/wp-json\/wp\/v2\/mec-events\/9344","targetHints":{"allow":["GET"]}}],"collection":[{"href":"https:\/\/www.marmouzic.org\/index.php\/wp-json\/wp\/v2\/mec-events"}],"about":[{"href":"https:\/\/www.marmouzic.org\/index.php\/wp-json\/wp\/v2\/types\/mec-events"}],"author":[{"embeddable":true,"href":"https:\/\/www.marmouzic.org\/index.php\/wp-json\/wp\/v2\/users\/1"}],"replies":[{"embeddable":true,"href":"https:\/\/www.marmouzic.org\/index.php\/wp-json\/wp\/v2\/comments?post=9344"}],"wp:featuredmedia":[{"embeddable":true,"href":"https:\/\/www.marmouzic.org\/index.php\/wp-json\/wp\/v2\/media\/6055"}],"wp:attachment":[{"href":"https:\/\/www.marmouzic.org\/index.php\/wp-json\/wp\/v2\/media?parent=9344"}],"wp:term":[{"taxonomy":"post_tag","embeddable":true,"href":"https:\/\/www.marmouzic.org\/index.php\/wp-json\/wp\/v2\/tags?post=9344"},{"taxonomy":"mec_category","embeddable":true,"href":"https:\/\/www.marmouzic.org\/index.php\/wp-json\/wp\/v2\/mec_category?post=9344"}],"curies":[{"name":"wp","href":"https:\/\/api.w.org\/{rel}","templated":true}]}}

<p>Une journée dans le cadre du projet <strong>« Culture en Partage »</strong></p>
<p><strong data-renderer-mark="true">La matinée à l&rsquo;Ecole de Gourslizon:<br />
10h00 – 10h30:</strong> <em data-renderer-mark="true">Contes avec les maternelles</em><br />
<strong data-renderer-mark="true">11h00 – 11h45</strong> <em data-renderer-mark="true">Contes avec les primaires</em></p>
<p><strong>Fin d&rsquo;Après-midi:</strong> dans la s<em>alle :</em><br />
<strong data-renderer-mark="true">18h30:</strong> <em data-renderer-mark="true">Apéritif servi à la salle des tribunes pour accueillir les spectateurs</em><br />
<strong data-renderer-mark="true">19h00:</strong> Le Temps des Fileuses</p>
<p>Et si vous partiez pour un voyage plein d’humour dans la Bretagne rurale des années 1930 à 1950 ? Sur scène, contes et films documentaires accompagnés à l’accordéon se répondent, comme une mémoire pleine d’humour  qui resurgit.</p>
<p>Catherine Le Flochmoan, conte et chant<br />
Jérôme Soulas: accordéon</p>

<p>Une journée dans le cadre du projet « Culture en Partage » La matinée à l&rsquo;Ecole de Gourslizon: 10h00 – 10h30: Contes avec les maternelles 11h00 – 11h45 Contes avec les primaires Fin d&rsquo;Après-midi: dans la salle : 18h30: Apéritif servi à la salle des tribunes pour accueillir les spectateurs 19h00: Le Temps des Fileuses Et si&hellip;&nbsp;<a href="https://www.marmouzic.org/index.php/events/le-temps-des-fileuses-catherine-le-flochmoan-grigny-91-992/" rel="bookmark">Lire la suite &raquo;<span class="screen-reader-text">Culture en Partage/ Le Temps des Fileuses / Catherine Le Flochmoan / Gourlizon (29)</span></a></p>
