{"id":9411,"date":"2025-12-09T16:45:55","date_gmt":"2025-12-09T15:45:55","guid":{"rendered":"https:\/\/www.marmouzic.org\/?post_type=mec-events&#038;p=9411"},"modified":"2025-12-09T17:17:23","modified_gmt":"2025-12-09T16:17:23","slug":"livre-concert-le-voyage-dhipollene-cie-marmouzic-gourlizon-29-853-421","status":"publish","type":"mec-events","link":"https:\/\/www.marmouzic.org\/index.php\/events\/livre-concert-le-voyage-dhipollene-cie-marmouzic-gourlizon-29-853-421\/","title":{"rendered":"Livre-Concert le Voyage d\u2019Hipoll\u00e8ne \/ Cie Marmouzic \/ Thorign\u00e9-Fouillard  (35)"},"content":{"rendered":"<p>La petite Hipoll\u00e8ne habite l\u2019Arbre Sans Fin avec ses parents et sa grand-m\u00e8re, un arbre qui abrite tout un peuple de petits \u00eatres touchants et loufoques. Elle\u00a0grandit et il est temps pour elle de parcourir le chemin qui la m\u00e8nera vers sa vie d\u2019adulte. De la chasse aux glousses avec son p\u00e8re, au d\u00e9part de sa grand-m\u00e8re, en passant par sa rencontre avec Ortic le monstre, elle sort finalement victorieuse des mille \u00e9preuves qui l\u2019attendent dans les m\u00e9andres de l\u2019Arbre sans fin.<\/p>\n<p><strong>Catherine Le Flochmoan <\/strong>: conte et chant<br \/><strong>Christofer Bjurstr\u00f6m<\/strong>\u00a0: piano, fl\u00fbtes, santour \/composition<br \/><strong>Fran\u00e7ois Malet<\/strong>\u00a0: batterie \/ percussions<\/p>\n\n\n<p><\/p>\n","protected":false},"excerpt":{"rendered":"<p>La petite Hipoll\u00e8ne habite l\u2019Arbre Sans Fin avec ses parents et sa grand-m\u00e8re, un arbre qui abrite tout un peuple de petits \u00eatres touchants et loufoques. Elle\u00a0grandit et il est temps pour elle de parcourir le chemin qui la m\u00e8nera vers sa vie d\u2019adulte. De la chasse aux glousses avec son p\u00e8re, au d\u00e9part de&hellip;&nbsp;<a href=\"https:\/\/www.marmouzic.org\/index.php\/events\/livre-concert-le-voyage-dhipollene-cie-marmouzic-gourlizon-29-853-421\/\" rel=\"bookmark\">Lire la suite &raquo;<span class=\"screen-reader-text\">Livre-Concert le Voyage d\u2019Hipoll\u00e8ne \/ Cie Marmouzic \/ Thorign\u00e9-Fouillard  (35)<\/span><\/a><\/p>\n","protected":false},"author":1,"featured_media":6267,"comment_status":"closed","ping_status":"closed","template":"","tags":[],"mec_category":[93,94],"class_list":["post-9411","mec-events","type-mec-events","status-publish","has-post-thumbnail","hentry","mec_category-cie-marmouzic","mec_category-jeune-public"],"_links":{"self":[{"href":"https:\/\/www.marmouzic.org\/index.php\/wp-json\/wp\/v2\/mec-events\/9411","targetHints":{"allow":["GET"]}}],"collection":[{"href":"https:\/\/www.marmouzic.org\/index.php\/wp-json\/wp\/v2\/mec-events"}],"about":[{"href":"https:\/\/www.marmouzic.org\/index.php\/wp-json\/wp\/v2\/types\/mec-events"}],"author":[{"embeddable":true,"href":"https:\/\/www.marmouzic.org\/index.php\/wp-json\/wp\/v2\/users\/1"}],"replies":[{"embeddable":true,"href":"https:\/\/www.marmouzic.org\/index.php\/wp-json\/wp\/v2\/comments?post=9411"}],"wp:featuredmedia":[{"embeddable":true,"href":"https:\/\/www.marmouzic.org\/index.php\/wp-json\/wp\/v2\/media\/6267"}],"wp:attachment":[{"href":"https:\/\/www.marmouzic.org\/index.php\/wp-json\/wp\/v2\/media?parent=9411"}],"wp:term":[{"taxonomy":"post_tag","embeddable":true,"href":"https:\/\/www.marmouzic.org\/index.php\/wp-json\/wp\/v2\/tags?post=9411"},{"taxonomy":"mec_category","embeddable":true,"href":"https:\/\/www.marmouzic.org\/index.php\/wp-json\/wp\/v2\/mec_category?post=9411"}],"curies":[{"name":"wp","href":"https:\/\/api.w.org\/{rel}","templated":true}]}}

Livre-Concert le Voyage d’Hipollène / Cie Marmouzic / Thorigné-Fouillard  (35)

<p>La petite Hipollène habite l’Arbre Sans Fin avec ses parents et sa grand-mère, un arbre qui abrite tout un peuple de petits êtres touchants et loufoques. Elle grandit et il est temps pour elle de parcourir le chemin qui la mènera vers sa vie d’adulte. De la chasse aux glousses avec son père, au départ de sa grand-mère, en passant par sa rencontre avec Ortic le monstre, elle sort finalement victorieuse des mille épreuves qui l’attendent dans les méandres de l’Arbre sans fin.</p>
<p><strong>Catherine Le Flochmoan </strong>: conte et chant<br /><strong>Christofer Bjurström</strong> : piano, flûtes, santour /composition<br /><strong>François Malet</strong> : batterie / percussions</p>


<p></p>

<p>La petite Hipollène habite l’Arbre Sans Fin avec ses parents et sa grand-mère, un arbre qui abrite tout un peuple de petits êtres touchants et loufoques. Elle grandit et il est temps pour elle de parcourir le chemin qui la mènera vers sa vie d’adulte. De la chasse aux glousses avec son père, au départ de&hellip;&nbsp;<a href="https://www.marmouzic.org/index.php/events/livre-concert-le-voyage-dhipollene-cie-marmouzic-gourlizon-29-853-421/" rel="bookmark">Lire la suite &raquo;<span class="screen-reader-text">Livre-Concert le Voyage d’Hipollène / Cie Marmouzic / Thorigné-Fouillard  (35)</span></a></p>
