{"id":9414,"date":"2025-12-09T17:13:28","date_gmt":"2025-12-09T16:13:28","guid":{"rendered":"https:\/\/www.marmouzic.org\/?post_type=mec-events&#038;p=9414"},"modified":"2025-12-09T17:17:01","modified_gmt":"2025-12-09T16:17:01","slug":"le-voleur-et-la-princesse-cie-marmouzic-st-renan-29-812-681","status":"publish","type":"mec-events","link":"https:\/\/www.marmouzic.org\/index.php\/events\/le-voleur-et-la-princesse-cie-marmouzic-st-renan-29-812-681\/","title":{"rendered":"Le Voleur et la Princesse \/ Cie Marmouzic \/ Talmont Saint Hilaire (85)"},"content":{"rendered":"<p class=\"has-normal-font-size\"><span class=\"has-inline-color has-black-color\"><strong>C\u2019est le soir : sur la sc\u00e8ne devenue campement nomade, Leila s\u2019\u00e9veille.<\/strong><\/span><\/p>\n<p>D\u00e9couvrant notre monde, elle nous conte le sien, <strong>le Bagdad des Mille et une nuits<\/strong> d\u2019o\u00f9 elle vient.<br \/>\nEt c\u2019est le d\u00e9but d\u2019une aventure dans un monde o\u00f9 les esprits c\u00f4toient les hommes,un monde o\u00f9 les princes s\u2019appellent Haroun Al Rachid et les princesses Sch\u00e9h\u00e9razade\u2026<br \/>\n<strong><br \/>\nConteuse et magicienne \u00e0 la fois, Leila donnera vie \u00e0 deux pantins qui deviendront musiciens du bazar de Bagdad, et de la musique na\u00eetront les images pour nous raconter l\u2019histoire extraordinaire d\u2019Ahmed, le Voleur de Bagdad amoureux d\u2019une princesse . <\/strong><\/p>\n<p class=\"has-text-align-center\"><span class=\"has-inline-color\"><strong>Un spectacle m\u00ealant conte, musique vivante et cin\u00e9ma muet <\/strong><br \/>\n<strong>pour tout public \u00e0 partir de 3 ans<\/strong><br \/>\n<strong>avec la version courte du film \u00ab&nbsp;Le Voleur de Bagdad&nbsp;\u00bb de Raoul Walsh.<\/strong><\/span><\/p>\n","protected":false},"excerpt":{"rendered":"<p>C\u2019est le soir : sur la sc\u00e8ne devenue campement nomade, Leila s\u2019\u00e9veille. D\u00e9couvrant notre monde, elle nous conte le sien, le Bagdad des Mille et une nuits d\u2019o\u00f9 elle vient. Et c\u2019est le d\u00e9but d\u2019une aventure dans un monde o\u00f9 les esprits c\u00f4toient les hommes,un monde o\u00f9 les princes s\u2019appellent Haroun Al Rachid et les&hellip;&nbsp;<a href=\"https:\/\/www.marmouzic.org\/index.php\/events\/le-voleur-et-la-princesse-cie-marmouzic-st-renan-29-812-681\/\" rel=\"bookmark\">Lire la suite &raquo;<span class=\"screen-reader-text\">Le Voleur et la Princesse \/ Cie Marmouzic \/ Talmont Saint Hilaire (85)<\/span><\/a><\/p>\n","protected":false},"author":1,"featured_media":1005,"comment_status":"closed","ping_status":"closed","template":"","tags":[],"mec_category":[91,93,94],"class_list":["post-9414","mec-events","type-mec-events","status-publish","has-post-thumbnail","hentry","mec_category-catherine-le-flochmoan","mec_category-cie-marmouzic","mec_category-jeune-public"],"_links":{"self":[{"href":"https:\/\/www.marmouzic.org\/index.php\/wp-json\/wp\/v2\/mec-events\/9414","targetHints":{"allow":["GET"]}}],"collection":[{"href":"https:\/\/www.marmouzic.org\/index.php\/wp-json\/wp\/v2\/mec-events"}],"about":[{"href":"https:\/\/www.marmouzic.org\/index.php\/wp-json\/wp\/v2\/types\/mec-events"}],"author":[{"embeddable":true,"href":"https:\/\/www.marmouzic.org\/index.php\/wp-json\/wp\/v2\/users\/1"}],"replies":[{"embeddable":true,"href":"https:\/\/www.marmouzic.org\/index.php\/wp-json\/wp\/v2\/comments?post=9414"}],"wp:featuredmedia":[{"embeddable":true,"href":"https:\/\/www.marmouzic.org\/index.php\/wp-json\/wp\/v2\/media\/1005"}],"wp:attachment":[{"href":"https:\/\/www.marmouzic.org\/index.php\/wp-json\/wp\/v2\/media?parent=9414"}],"wp:term":[{"taxonomy":"post_tag","embeddable":true,"href":"https:\/\/www.marmouzic.org\/index.php\/wp-json\/wp\/v2\/tags?post=9414"},{"taxonomy":"mec_category","embeddable":true,"href":"https:\/\/www.marmouzic.org\/index.php\/wp-json\/wp\/v2\/mec_category?post=9414"}],"curies":[{"name":"wp","href":"https:\/\/api.w.org\/{rel}","templated":true}]}}

<p class="has-normal-font-size"><span class="has-inline-color has-black-color"><strong>C’est le soir : sur la scène devenue campement nomade, Leila s’éveille.</strong></span></p>
<p>Découvrant notre monde, elle nous conte le sien, <strong>le Bagdad des Mille et une nuits</strong> d’où elle vient.<br />
Et c’est le début d’une aventure dans un monde où les esprits côtoient les hommes,un monde où les princes s’appellent Haroun Al Rachid et les princesses Schéhérazade…<br />
<strong><br />
Conteuse et magicienne à la fois, Leila donnera vie à deux pantins qui deviendront musiciens du bazar de Bagdad, et de la musique naîtront les images pour nous raconter l’histoire extraordinaire d’Ahmed, le Voleur de Bagdad amoureux d’une princesse . </strong></p>
<p class="has-text-align-center"><span class="has-inline-color"><strong>Un spectacle mêlant conte, musique vivante et cinéma muet </strong><br />
<strong>pour tout public à partir de 3 ans</strong><br />
<strong>avec la version courte du film «&nbsp;Le Voleur de Bagdad&nbsp;» de Raoul Walsh.</strong></span></p>

<p>C’est le soir : sur la scène devenue campement nomade, Leila s’éveille. Découvrant notre monde, elle nous conte le sien, le Bagdad des Mille et une nuits d’où elle vient. Et c’est le début d’une aventure dans un monde où les esprits côtoient les hommes,un monde où les princes s’appellent Haroun Al Rachid et les&hellip;&nbsp;<a href="https://www.marmouzic.org/index.php/events/le-voleur-et-la-princesse-cie-marmouzic-st-renan-29-812-681/" rel="bookmark">Lire la suite &raquo;<span class="screen-reader-text">Le Voleur et la Princesse / Cie Marmouzic / Talmont Saint Hilaire (85)</span></a></p>
