{"id":11,"date":"2019-12-13T17:33:12","date_gmt":"2019-12-13T16:33:12","guid":{"rendered":"http:\/\/www.marmouzic.org\/wwz\/?page_id=11"},"modified":"2020-11-05T18:43:50","modified_gmt":"2020-11-05T17:43:50","slug":"christofer-bjurstrom","status":"publish","type":"page","link":"https:\/\/www.marmouzic.org\/index.php\/christofer-bjurstrom\/","title":{"rendered":"Christofer Bjurstr\u00f6m"},"content":{"rendered":"\n<div class=\"wp-block-media-text alignwide is-stacked-on-mobile\"><figure class=\"wp-block-media-text__media\"><img loading=\"lazy\" decoding=\"async\" width=\"932\" height=\"680\" src=\"https:\/\/www.marmouzic.org\/wp-content\/uploads\/2020\/04\/CBJ-4tet.jpg\" alt=\"\" class=\"wp-image-556\" srcset=\"https:\/\/www.marmouzic.org\/wp-content\/uploads\/2020\/04\/CBJ-4tet.jpg 932w, https:\/\/www.marmouzic.org\/wp-content\/uploads\/2020\/04\/CBJ-4tet-300x219.jpg 300w, https:\/\/www.marmouzic.org\/wp-content\/uploads\/2020\/04\/CBJ-4tet-768x560.jpg 768w\" sizes=\"auto, (max-width: 932px) 100vw, 932px\" \/><\/figure><div class=\"wp-block-media-text__content\">\n<p class=\"has-normal-font-size\">Pianiste, compositeur et improvisateur, je compose les musiques des spectacles de la Compagnie Marmouzic, dont je suis codirecteur.<\/p>\n\n\n\n<p>Mais par ailleurs, je cr\u00e9e \u00e9galement mes propres spectacles:<\/p>\n<\/div><\/div>\n\n\n\n<p> <em>Christofer Bjurstr\u00f6m, pianiste, compositeur et improvisateur su\u00e9dois,  creuse sa propre voie musicale, entre lyrisme m\u00e9lodique, intimisme,  \u00e9clairs de violence et ironie. Il prom\u00e8ne et affine son univers sensible  en le confrontant, avec \u00e9clectisme et curiosit\u00e9, aux musiques  improvis\u00e9es, ainsi qu\u2019aux musiques traditionnelles, \u00e0 la musique  contemporaine, au th\u00e9\u00e2tre, \u00e0 la litt\u00e9rature et au cin\u00e9ma<\/em>. <\/p>\n\n\n<div\n\t\t\t\n\t\t\tclass=\"so-widget-sow-slider so-widget-sow-slider-default-6d39609536fd\"\n\t\t\t\n\t\t>\t\t\t\t<div class=\"sow-slider-base\" style=\"display: none\" tabindex=\"0\">\n\t\t\t\t\t<ul\n\t\t\t\t\tclass=\"sow-slider-images\"\n\t\t\t\t\tdata-settings=\"{&quot;pagination&quot;:true,&quot;speed&quot;:800,&quot;timeout&quot;:1000,&quot;paused&quot;:false,&quot;pause_on_hover&quot;:true,&quot;swipe&quot;:true,&quot;nav_always_show_desktop&quot;:&quot;&quot;,&quot;nav_always_show_mobile&quot;:&quot;&quot;,&quot;breakpoint&quot;:&quot;780px&quot;,&quot;unmute&quot;:false,&quot;anchor&quot;:null}\"\n\t\t\t\t\t\t\t\t\t\tdata-anchor-id=\"\"\n\t\t\t\t>\t\t<li class=\"sow-slider-image\" style=\"visibility: visible;\" >\n\t\t\t\t\t\t<div class=\"sow-slider-image-container\">\n\t\t\t\t<div class=\"sow-slider-image-wrapper\" style=\"max-width: 768px\">\n\t\t\t\t\t\t\t\t\t\t<div class=\"sow-slider-image-foreground-wrapper\">\n\t\t\t\t\t\t<img loading=\"lazy\" decoding=\"async\" width=\"768\" height=\"511\" src=\"https:\/\/www.marmouzic.org\/wp-content\/uploads\/2020\/04\/Christofer-Bjurstrom-\u00a9Herve-Le-Gall-768x511-1.jpg\" class=\"sow-slider-foreground-image\" alt=\"\" style=\"\" srcset=\"https:\/\/www.marmouzic.org\/wp-content\/uploads\/2020\/04\/Christofer-Bjurstrom-\u00a9Herve-Le-Gall-768x511-1.jpg 768w, https:\/\/www.marmouzic.org\/wp-content\/uploads\/2020\/04\/Christofer-Bjurstrom-\u00a9Herve-Le-Gall-768x511-1-300x200.jpg 300w, https:\/\/www.marmouzic.org\/wp-content\/uploads\/2020\/04\/Christofer-Bjurstrom-\u00a9Herve-Le-Gall-768x511-1-391x260.jpg 391w\" sizes=\"auto, (max-width: 768px) 100vw, 768px\" \/>\t\t\t\t\t<\/div>\n\t\t\t\t\t\t\t\t\t<\/div>\n\t\t\t<\/div>\n\t\t\t\t\t<\/li>\n\t\t\t\t<li class=\"sow-slider-image\" style=\"visibility: hidden;\" >\n\t\t\t\t\t\t<div class=\"sow-slider-image-container\">\n\t\t\t\t<div class=\"sow-slider-image-wrapper\" style=\"max-width: 932px\">\n\t\t\t\t\t\t\t\t\t\t<div class=\"sow-slider-image-foreground-wrapper\">\n\t\t\t\t\t\t<img loading=\"lazy\" decoding=\"async\" width=\"932\" height=\"680\" src=\"https:\/\/www.marmouzic.org\/wp-content\/uploads\/2020\/04\/CBJ-4tet.jpg\" class=\"sow-slider-foreground-image\" alt=\"\" style=\"\" srcset=\"https:\/\/www.marmouzic.org\/wp-content\/uploads\/2020\/04\/CBJ-4tet.jpg 932w, https:\/\/www.marmouzic.org\/wp-content\/uploads\/2020\/04\/CBJ-4tet-300x219.jpg 300w, https:\/\/www.marmouzic.org\/wp-content\/uploads\/2020\/04\/CBJ-4tet-768x560.jpg 768w\" sizes=\"auto, (max-width: 932px) 100vw, 932px\" \/>\t\t\t\t\t<\/div>\n\t\t\t\t\t\t\t\t\t<\/div>\n\t\t\t<\/div>\n\t\t\t\t\t<\/li>\n\t\t<\/ul>\t\t\t\t<ol class=\"sow-slider-pagination\">\n\t\t\t\t\t\t\t\t\t\t\t<li><a href=\"#\" data-goto=\"0\" aria-label=\"Display slide 1\"><\/a><\/li>\n\t\t\t\t\t\t\t\t\t\t\t<li><a href=\"#\" data-goto=\"1\" aria-label=\"Display slide 2\"><\/a><\/li>\n\t\t\t\t\t\t\t\t\t<\/ol>\n\n\t\t\t\t<div class=\"sow-slide-nav sow-slide-nav-next\">\n\t\t\t\t\t<a href=\"#\" data-goto=\"next\" aria-label=\"Next slide\" data-action=\"next\">\n\t\t\t\t\t\t<em class=\"sow-sld-icon-thin-right\"><\/em>\n\t\t\t\t\t<\/a>\n\t\t\t\t<\/div>\n\n\t\t\t\t<div class=\"sow-slide-nav sow-slide-nav-prev\">\n\t\t\t\t\t<a href=\"#\" data-goto=\"previous\" aria-label=\"Previous slide\" data-action=\"prev\">\n\t\t\t\t\t\t<em class=\"sow-sld-icon-thin-left\"><\/em>\n\t\t\t\t\t<\/a>\n\t\t\t\t<\/div>\n\t\t\t\t<\/div><\/div>","protected":false},"excerpt":{"rendered":"<p>Pianiste, compositeur et improvisateur, je compose les musiques des spectacles de la Compagnie Marmouzic, dont je suis codirecteur. Mais par ailleurs, je cr\u00e9e \u00e9galement mes propres spectacles: Christofer Bjurstr\u00f6m, pianiste, compositeur et improvisateur su\u00e9dois, creuse sa propre voie musicale, entre lyrisme m\u00e9lodique, intimisme, \u00e9clairs de violence et ironie. Il prom\u00e8ne et affine son univers sensible&hellip;&nbsp;<a href=\"https:\/\/www.marmouzic.org\/index.php\/christofer-bjurstrom\/\" rel=\"bookmark\">Lire la suite &raquo;<span class=\"screen-reader-text\">Christofer Bjurstr\u00f6m<\/span><\/a><\/p>\n","protected":false},"author":1,"featured_media":1099,"parent":0,"menu_order":0,"comment_status":"closed","ping_status":"open","template":"","meta":{"neve_meta_sidebar":"","neve_meta_container":"","neve_meta_enable_content_width":"off","neve_meta_content_width":0,"neve_meta_title_alignment":"","neve_meta_author_avatar":"","neve_post_elements_order":"","neve_meta_disable_header":"","neve_meta_disable_footer":"","neve_meta_disable_title":"","footnotes":""},"class_list":["post-11","page","type-page","status-publish","has-post-thumbnail","hentry"],"featured_image_src":"https:\/\/www.marmouzic.org\/wp-content\/uploads\/2020\/06\/Interieur-Piano-1000.jpg","featured_image_src_square":"https:\/\/www.marmouzic.org\/wp-content\/uploads\/2020\/06\/Interieur-Piano-1000.jpg","_links":{"self":[{"href":"https:\/\/www.marmouzic.org\/index.php\/wp-json\/wp\/v2\/pages\/11","targetHints":{"allow":["GET"]}}],"collection":[{"href":"https:\/\/www.marmouzic.org\/index.php\/wp-json\/wp\/v2\/pages"}],"about":[{"href":"https:\/\/www.marmouzic.org\/index.php\/wp-json\/wp\/v2\/types\/page"}],"author":[{"embeddable":true,"href":"https:\/\/www.marmouzic.org\/index.php\/wp-json\/wp\/v2\/users\/1"}],"replies":[{"embeddable":true,"href":"https:\/\/www.marmouzic.org\/index.php\/wp-json\/wp\/v2\/comments?post=11"}],"version-history":[{"count":47,"href":"https:\/\/www.marmouzic.org\/index.php\/wp-json\/wp\/v2\/pages\/11\/revisions"}],"predecessor-version":[{"id":1536,"href":"https:\/\/www.marmouzic.org\/index.php\/wp-json\/wp\/v2\/pages\/11\/revisions\/1536"}],"wp:featuredmedia":[{"embeddable":true,"href":"https:\/\/www.marmouzic.org\/index.php\/wp-json\/wp\/v2\/media\/1099"}],"wp:attachment":[{"href":"https:\/\/www.marmouzic.org\/index.php\/wp-json\/wp\/v2\/media?parent=11"}],"curies":[{"name":"wp","href":"https:\/\/api.w.org\/{rel}","templated":true}]}}