{"id":270,"date":"2020-04-20T19:20:48","date_gmt":"2020-04-20T17:20:48","guid":{"rendered":"http:\/\/www.marmouzic.org\/wwz\/?page_id=270"},"modified":"2023-03-28T16:06:32","modified_gmt":"2023-03-28T14:06:32","slug":"heureux-cabaret-sens-dessus-dessous","status":"publish","type":"page","link":"https:\/\/www.marmouzic.org\/index.php\/heureux-cabaret-sens-dessus-dessous\/","title":{"rendered":"Heureux! Cabaret sens dessus dessous."},"content":{"rendered":"\n<p>sur<strong> des textes de Hanokh LEVIN<\/strong><\/p>\n\n\n\n<p><strong>Direction artistique et mise en sc\u00e8ne de Catherine LE FLOCHMOAN Musiques originales de Christofer BJURSTR\u00d6M et Christophe ROCHER<\/strong><br>Avec Charlotte Heilmann, Catherine Le Flochmoan, Christofer Bjurstr\u00f6m, Christophe Rocher et Vincent Vedovelli<\/p>\n\n\n\n<p><strong>1h40 de chansons incisives, de textes percutants, de rythmes chaotiques.<\/strong><\/p>\n\n\n\n<h4 class=\"wp-block-heading\"><strong>Des textes, des chansons, et de l&rsquo;humour !<\/strong><\/h4>\n\n\n\n<p>Pour voir des extraits du spectacle, cliquez sur l&rsquo;image ci-dessous (et ne soyez pas effray\u00e9s du noir\u2026.)<br><strong>Cabaret Heureux?<\/strong><\/p>\n\n\n\n<h6 class=\"wp-block-heading\"><strong>Laissez-vous transporter dans l&rsquo;univers de Hanokh Levin, d\u00e9couvrez son humour d\u00e9capant, sa vision d\u00e9cal\u00e9e de la vie et sa repr\u00e9sentation \u00e9chevel\u00e9e des rapports humains.<\/strong><\/h6>\n\n\n\n<p class=\"has-small-font-size\">Dans ce cabaret, s&rsquo;encha\u00eene un floril\u00e8ge de sketches, de musiques et de chansons, interpr\u00e9t\u00e9es par trois com\u00e9diens-chanteurs et deux musiciens .<\/p>\n\n\n\n<p class=\"has-small-font-size\"><strong>Noir mais dr\u00f4le,<br>Loufoque par dessus,<br>Charg\u00e9 de sens par dessous, un spectacle pour tous !<\/strong><\/p>\n\n\n\n<p class=\"has-small-font-size\">Com\u00e9diens et musiciens participent tous ensemble \u00e0 cette risible et \u00e9mouvante com\u00e9die humaine, et entra\u00eenent ainsi le public dans un tourbillon de mots, de rires, de chansons, de musique et d&rsquo;\u00e9motions, dans un tourbillon de vie, tout simplement !<\/p>\n\n\n\n<h6 class=\"wp-block-heading\"><strong>Le spectacle destin\u00e9 \u00e0 un tr\u00e8s large public alterne chansons et sketches, tous issus du th\u00e9\u00e2tre de Hanokh Levin sur des compositions musicales originales cr\u00e9\u00e9es tout sp\u00e9cialement pour ce spectacle <em>photos Ewen Prigent<\/em> UN CABARET DOUX-AMER, PLEIN D&rsquo;HUMOUR,DANS L&rsquo;UNIVERS DECONCERTANT DE HANOKH LEVIN.<\/strong><\/h6>\n\n\n\n<figure class=\"wp-block-image size-large\"><img loading=\"lazy\" decoding=\"async\" width=\"500\" height=\"750\" src=\"https:\/\/www.marmouzic.org\/wp-content\/uploads\/2020\/04\/affiche-heureux-cabaret-petite.jpg\" alt=\"\" class=\"wp-image-273\" srcset=\"https:\/\/www.marmouzic.org\/wp-content\/uploads\/2020\/04\/affiche-heureux-cabaret-petite.jpg 500w, https:\/\/www.marmouzic.org\/wp-content\/uploads\/2020\/04\/affiche-heureux-cabaret-petite-200x300.jpg 200w\" sizes=\"auto, (max-width: 500px) 100vw, 500px\" \/><\/figure>\n\n\n\n<h6 class=\"wp-block-heading\"><em>Les textes de la pi\u00e8ce sont publi\u00e9s aux \u00e9ditions th\u00e9\u00e2trales dans une traduction de Laurence Sendrowicz<\/em> <\/h6>\n","protected":false},"excerpt":{"rendered":"<p>sur des textes de Hanokh LEVIN Direction artistique et mise en sc\u00e8ne de Catherine LE FLOCHMOAN Musiques originales de Christofer BJURSTR\u00d6M et Christophe ROCHERAvec Charlotte Heilmann, Catherine Le Flochmoan, Christofer Bjurstr\u00f6m, Christophe Rocher et Vincent Vedovelli 1h40 de chansons incisives, de textes percutants, de rythmes chaotiques. Des textes, des chansons, et de l&rsquo;humour ! Pour&hellip;&nbsp;<a href=\"https:\/\/www.marmouzic.org\/index.php\/heureux-cabaret-sens-dessus-dessous\/\" rel=\"bookmark\">Lire la suite &raquo;<span class=\"screen-reader-text\">Heureux! Cabaret sens dessus dessous.<\/span><\/a><\/p>\n","protected":false},"author":1,"featured_media":0,"parent":0,"menu_order":0,"comment_status":"closed","ping_status":"closed","template":"","meta":{"neve_meta_sidebar":"right","neve_meta_container":"","neve_meta_enable_content_width":"on","neve_meta_content_width":70,"neve_meta_title_alignment":"","neve_meta_author_avatar":"","neve_post_elements_order":"","neve_meta_disable_header":"","neve_meta_disable_footer":"","neve_meta_disable_title":"","footnotes":""},"class_list":["post-270","page","type-page","status-publish","hentry"],"featured_image_src":null,"featured_image_src_square":null,"_links":{"self":[{"href":"https:\/\/www.marmouzic.org\/index.php\/wp-json\/wp\/v2\/pages\/270","targetHints":{"allow":["GET"]}}],"collection":[{"href":"https:\/\/www.marmouzic.org\/index.php\/wp-json\/wp\/v2\/pages"}],"about":[{"href":"https:\/\/www.marmouzic.org\/index.php\/wp-json\/wp\/v2\/types\/page"}],"author":[{"embeddable":true,"href":"https:\/\/www.marmouzic.org\/index.php\/wp-json\/wp\/v2\/users\/1"}],"replies":[{"embeddable":true,"href":"https:\/\/www.marmouzic.org\/index.php\/wp-json\/wp\/v2\/comments?post=270"}],"version-history":[{"count":5,"href":"https:\/\/www.marmouzic.org\/index.php\/wp-json\/wp\/v2\/pages\/270\/revisions"}],"predecessor-version":[{"id":1225,"href":"https:\/\/www.marmouzic.org\/index.php\/wp-json\/wp\/v2\/pages\/270\/revisions\/1225"}],"wp:attachment":[{"href":"https:\/\/www.marmouzic.org\/index.php\/wp-json\/wp\/v2\/media?parent=270"}],"curies":[{"name":"wp","href":"https:\/\/api.w.org\/{rel}","templated":true}]}}