{"id":390,"date":"2020-04-27T15:31:43","date_gmt":"2020-04-27T13:31:43","guid":{"rendered":"http:\/\/www.marmouzic.org\/wwz\/?page_id=390"},"modified":"2023-03-28T15:34:54","modified_gmt":"2023-03-28T13:34:54","slug":"actions-culturelles","status":"publish","type":"page","link":"https:\/\/www.marmouzic.org\/index.php\/actions-culturelles\/","title":{"rendered":"Actions Culturelles"},"content":{"rendered":"\n<p class=\"has-text-align-center has-background\" style=\"background-color:#dad8f2\"><strong>Les artistes de la Compagnie Marmouzic ont \u00e0 c\u0153ur de faire partager<br>leur travail avec le public.<\/strong><br><br><strong>Ils ont ainsi imagin\u00e9 des moments de partage et d&rsquo;\u00e9change autour de leurs cr\u00e9ations, de leur travail,<\/strong><br><strong>sous forme d&rsquo;ateliers, de stages, rencontres, discussions,<\/strong><br><strong>r\u00e9p\u00e9titions publiques, cr\u00e9ations&#8230;.<\/strong><span class=\"has-inline-color has-black-color\"><\/span><br><br>Nous vous proposons:<\/p>\n\n\n\n<ul class=\"wp-block-list\">\n<li><strong><span style=\"color:#1900a3\" class=\"has-inline-color\">Des actions culturelles sp\u00e9cifiques \u00e0 chaque spectacle.<\/span>  <\/strong><span class=\"has-inline-color has-black-color\"><\/span><strong><span style=\"color:#bf1616\" class=\"has-inline-color\">Des liens vous sont propos\u00e9s sur les pages de chaque spectacle.<\/span><\/strong> (voir sur chaque page d\u00e9di\u00e9e \u00e0 une cr\u00e9ation)<\/li>\n<\/ul>\n\n\n\n<ul class=\"wp-block-list\">\n<li><strong><span style=\"color:#1900a3\" class=\"has-inline-color\">Des actions \u00ab\u00a0\u00e0 la demande\u00a0\u00bb peuvent aussi \u00eatre propos\u00e9es<\/span>, toujours en lien avec les spectacles<\/strong> (voir ci-dessous)<\/li>\n<\/ul>\n\n\n\n<ul class=\"wp-block-list\">\n<li><strong><span style=\"color:#1900a3\" class=\"has-inline-color\">La com\u00e9dienne et metteuse en sc\u00e8ne Catherine Le Flochmoan <\/span><\/strong><span class=\"has-inline-color has-nv-dark-bg-color\"><strong>anime des ateliers th\u00e9\u00e2traux \u00e0 la demande <\/strong>(voir ci-dessous)<\/span><\/li>\n<\/ul>\n\n\n\n<ul class=\"wp-block-list\">\n<li><strong><span style=\"color:#1900a3\" class=\"has-inline-color\">Le compositeur et musicien Christofer Bjurstr\u00f6m <\/span>anime des ateliers de Pratique musicale et Cin\u00e9-Concert \u00e0 la demande<\/strong> (voir ci-dessous)<\/li>\n<\/ul>\n\n\n\n<hr class=\"wp-block-separator has-css-opacity alignfull\"\/>\n\n\n\n<div class=\"wp-block-media-text alignwide has-media-on-the-right is-stacked-on-mobile\" style=\"grid-template-columns:auto 37%\"><div class=\"wp-block-media-text__content\">\n<p style=\"font-size:25px\"><mark style=\"background-color:rgba(0, 0, 0, 0);color:#1900a3\" class=\"has-inline-color\">\u2192<strong> Les actions  \u00ab\u00a0\u00e0 la demande\u00a0\u00bb, en lien avec les spectacles\u00a0:<\/strong><\/mark><\/p>\n\n\n\n<p class=\"has-normal-font-size\">&#8211; <strong><span style=\"color:#1900a3\" class=\"has-inline-color\">cr\u00e9ation de spectacles ou d&rsquo;interventions publiques<\/span><\/strong><span class=\"has-inline-color has-neve-link-color-color\"><strong> <\/strong><\/span>avec des com\u00e9diens amateurs, \u00e0 partir du th\u00e8me du spectacle pr\u00e9sent\u00e9.<br>&#8211; <span style=\"color:#1900a3\" class=\"has-inline-color\"><strong>r\u00e9p\u00e9titions publiques<\/strong><br>&#8211; <strong>participation au montage du spectacle<\/strong><br>&#8211;<strong> interventions imagin\u00e9es au cas par cas <\/strong><\/span>: stages de th\u00e9\u00e2tre, de musique, interventions en milieu scolaire&#8230;<\/p>\n<\/div><figure class=\"wp-block-media-text__media\"><img loading=\"lazy\" decoding=\"async\" width=\"700\" height=\"525\" src=\"https:\/\/www.marmouzic.org\/wp-content\/uploads\/2020\/11\/Blockhaus-cath-troupe-assise-petite-1.jpg\" alt=\"\" class=\"wp-image-2018 size-full\" srcset=\"https:\/\/www.marmouzic.org\/wp-content\/uploads\/2020\/11\/Blockhaus-cath-troupe-assise-petite-1.jpg 700w, https:\/\/www.marmouzic.org\/wp-content\/uploads\/2020\/11\/Blockhaus-cath-troupe-assise-petite-1-300x225.jpg 300w\" sizes=\"auto, (max-width: 700px) 100vw, 700px\" \/><\/figure><\/div>\n\n\n\n<hr class=\"wp-block-separator has-css-opacity\"\/>\n\n\n\n<div class=\"wp-block-media-text alignwide is-stacked-on-mobile\" style=\"grid-template-columns:41% auto\"><figure class=\"wp-block-media-text__media\"><img loading=\"lazy\" decoding=\"async\" width=\"700\" height=\"537\" src=\"https:\/\/www.marmouzic.org\/wp-content\/uploads\/2020\/11\/Theatre-sans-scene-musee-haut-petite.jpg\" alt=\"\" class=\"wp-image-2017 size-full\" srcset=\"https:\/\/www.marmouzic.org\/wp-content\/uploads\/2020\/11\/Theatre-sans-scene-musee-haut-petite.jpg 700w, https:\/\/www.marmouzic.org\/wp-content\/uploads\/2020\/11\/Theatre-sans-scene-musee-haut-petite-300x230.jpg 300w\" sizes=\"auto, (max-width: 700px) 100vw, 700px\" \/><\/figure><div class=\"wp-block-media-text__content\">\n<p style=\"font-size:25px\">\u2192<strong> <span style=\"color:#1900a3\" class=\"has-inline-color\">Les ateliers th\u00e9\u00e2tre de Catherine Le Flochmoan<\/span><\/strong><\/p>\n\n\n\n<p class=\"has-normal-font-size\"><strong><span style=\"color:#1900a3\" class=\"has-inline-color\">Catherine Le Flochmoan<\/span><\/strong><span class=\"has-inline-color has-black-color\"> met en sc\u00e8ne depuis plus de 10 ans la Compagnie de th\u00e9\u00e2tre amateur \u00ab Tous en sc\u00e8ne \u00bb de sa commune de Locmaria-Plouzan\u00e9.<\/span> <\/p>\n\n\n\n<p class=\"has-normal-font-size\">Elle participe \u00e9galement \u00e0 la vie de sa commune en animant un atelier \u00ab enfant \u00bb et en intervenant dans les \u00e9coles.<\/p>\n\n\n\n<p class=\"has-text-align-left has-normal-font-size\"><mark style=\"background-color:rgba(0, 0, 0, 0)\" class=\"has-inline-color has-black-color\">\u2192<strong> <\/strong><\/mark><mark style=\"background-color:rgba(0, 0, 0, 0);color:#1900a3\" class=\"has-inline-color\"><strong>Elle anime, \u00e0 la demande, des stages de th\u00e9\u00e2tre en direction des enfants ou des adultes.<\/strong><br><br><\/mark><mark style=\"background-color:rgba(0, 0, 0, 0)\" class=\"has-inline-color has-nv-dark-bg-color\">E<mark style=\"background-color:rgba(0, 0, 0, 0)\" class=\"has-inline-color has-neve-link-color-color\"><\/mark>lle intervient \u00e9galement pour <\/mark><mark style=\"background-color:rgba(0, 0, 0, 0);color:#1900a3\" class=\"has-inline-color\"><strong>une aide \u00e0 la mise en sc\u00e8ne des troupes de th\u00e9\u00e2tre amateur qu&rsquo;il s&rsquo;agisse d&rsquo;adultes ou d&rsquo;enfants <\/strong>(en milieu scolaire ou associatif).<\/mark><\/p>\n<\/div><\/div>\n\n\n\n<hr class=\"wp-block-separator has-css-opacity\"\/>\n\n\n\n<div class=\"wp-block-media-text alignwide has-media-on-the-right is-stacked-on-mobile\" style=\"grid-template-columns:auto 43%\"><div class=\"wp-block-media-text__content\">\n<p style=\"font-size:25px\">\u2192<strong> L<span style=\"color:#1900a3\" class=\"has-inline-color\">es ateliers Musique et Cin\u00e9-Concert de Christofer Bjurstr\u00f6m<\/span><\/strong><\/p>\n\n\n\n<p class=\"has-normal-font-size\"><strong><span style=\"color:#1900a3\" class=\"has-inline-color\">Christofer Bjurstr\u00f6m<\/span><span class=\"has-inline-color has-black-color\"> anime depuis de nombreuses ann\u00e9es <\/span><\/strong><span style=\"color:#1900a3\" class=\"has-inline-color\"><strong>des ateliers de cr\u00e9ation de Cin\u00e9-Concert.<\/strong> <\/span><br>&#8211;&gt; Ces ateliers s&rsquo;adressent \u00e0 des \u00e9coles de musique ou \u00e0 des orchestres d\u00e9j\u00e0 existants.<br><\/p>\n\n\n\n<p class=\"has-normal-font-size\"><strong><span class=\"has-inline-color has-black-color\">Christofer propose \u00e9galement<\/span><span style=\"color:#1900a3\" class=\"has-inline-color\"> des ateliers courts sur les relations entre film et musique<\/span><\/strong>:<br>&#8211;&gt; interventions en coll\u00e8ge, lyc\u00e9e \u00e0 destination des scolaires interventions \u00e0 destinations des adultes (enseignants ou non)<\/p>\n<\/div><figure class=\"wp-block-media-text__media\"><img loading=\"lazy\" decoding=\"async\" width=\"1000\" height=\"750\" src=\"https:\/\/www.marmouzic.org\/wp-content\/uploads\/2020\/06\/Action-culturelle-Cfer-2.jpg\" alt=\"\" class=\"wp-image-1327 size-full\" srcset=\"https:\/\/www.marmouzic.org\/wp-content\/uploads\/2020\/06\/Action-culturelle-Cfer-2.jpg 1000w, https:\/\/www.marmouzic.org\/wp-content\/uploads\/2020\/06\/Action-culturelle-Cfer-2-300x225.jpg 300w, https:\/\/www.marmouzic.org\/wp-content\/uploads\/2020\/06\/Action-culturelle-Cfer-2-768x576.jpg 768w\" sizes=\"auto, (max-width: 1000px) 100vw, 1000px\" \/><\/figure><\/div>\n\n\n\n<p class=\"has-text-align-center has-neve-link-hover-color-color has-text-color has-background\" style=\"background-color:#3344b5;font-size:28px\"><mark style=\"background-color:rgba(0, 0, 0, 0)\" class=\"has-inline-color has-nv-text-dark-bg-color\"><strong>Ces actions culturelles vous int\u00e9ressent: <br><a rel=\"noreferrer noopener\" href=\"https:\/\/www.marmouzic.org\/index.php\/contact\/\" target=\"_blank\">Contact <\/a><\/strong><\/mark><\/p>\n","protected":false},"excerpt":{"rendered":"<p>Les artistes de la Compagnie Marmouzic ont \u00e0 c\u0153ur de faire partagerleur travail avec le public. Ils ont ainsi imagin\u00e9 des moments de partage et d&rsquo;\u00e9change autour de leurs cr\u00e9ations, de leur travail,sous forme d&rsquo;ateliers, de stages, rencontres, discussions,r\u00e9p\u00e9titions publiques, cr\u00e9ations&#8230;. Nous vous proposons: \u2192 Les actions \u00ab\u00a0\u00e0 la demande\u00a0\u00bb, en lien avec les spectacles\u00a0:&hellip;&nbsp;<a href=\"https:\/\/www.marmouzic.org\/index.php\/actions-culturelles\/\" rel=\"bookmark\">Lire la suite &raquo;<span class=\"screen-reader-text\">Actions Culturelles<\/span><\/a><\/p>\n","protected":false},"author":1,"featured_media":0,"parent":0,"menu_order":0,"comment_status":"closed","ping_status":"closed","template":"","meta":{"neve_meta_sidebar":"right","neve_meta_container":"","neve_meta_enable_content_width":"on","neve_meta_content_width":70,"neve_meta_title_alignment":"","neve_meta_author_avatar":"","neve_post_elements_order":"","neve_meta_disable_header":"","neve_meta_disable_footer":"","neve_meta_disable_title":"","footnotes":""},"class_list":["post-390","page","type-page","status-publish","hentry"],"featured_image_src":null,"featured_image_src_square":null,"_links":{"self":[{"href":"https:\/\/www.marmouzic.org\/index.php\/wp-json\/wp\/v2\/pages\/390","targetHints":{"allow":["GET"]}}],"collection":[{"href":"https:\/\/www.marmouzic.org\/index.php\/wp-json\/wp\/v2\/pages"}],"about":[{"href":"https:\/\/www.marmouzic.org\/index.php\/wp-json\/wp\/v2\/types\/page"}],"author":[{"embeddable":true,"href":"https:\/\/www.marmouzic.org\/index.php\/wp-json\/wp\/v2\/users\/1"}],"replies":[{"embeddable":true,"href":"https:\/\/www.marmouzic.org\/index.php\/wp-json\/wp\/v2\/comments?post=390"}],"version-history":[{"count":30,"href":"https:\/\/www.marmouzic.org\/index.php\/wp-json\/wp\/v2\/pages\/390\/revisions"}],"predecessor-version":[{"id":6148,"href":"https:\/\/www.marmouzic.org\/index.php\/wp-json\/wp\/v2\/pages\/390\/revisions\/6148"}],"wp:attachment":[{"href":"https:\/\/www.marmouzic.org\/index.php\/wp-json\/wp\/v2\/media?parent=390"}],"curies":[{"name":"wp","href":"https:\/\/api.w.org\/{rel}","templated":true}]}}