{"id":410,"date":"2020-04-27T16:41:11","date_gmt":"2020-04-27T14:41:11","guid":{"rendered":"http:\/\/www.marmouzic.org\/wwz\/?page_id=410"},"modified":"2023-03-28T16:11:19","modified_gmt":"2023-03-28T14:11:19","slug":"les-spectacles-tout-public-catherine-le-flochmoan","status":"publish","type":"page","link":"https:\/\/www.marmouzic.org\/index.php\/les-spectacles-tout-public-catherine-le-flochmoan\/","title":{"rendered":"Les spectacles \u00ab\u00a0tout public\u00a0\u00bb de Catherine Le Flochmoan"},"content":{"rendered":"\n<p><\/p>\n\n\n\n<p class=\"has-normal-font-size\"><strong>A c\u00f4t\u00e9 de son travail d&rsquo;artiste et de direction de la <a rel=\"noreferrer noopener\" href=\"https:\/\/www.marmouzic.org\" target=\"_blank\">Compagnie jeune public Marmouzic<\/a>, Catherine Le Flochmoan travaille aussi en direction des adultes et du tout public, avec diff\u00e9rents types de spectacles:<\/strong><br><\/p>\n\n\n\n<p class=\"has-medium-font-size\"><br>    <strong> &#8211; <a rel=\"noreferrer noopener\" href=\"https:\/\/www.marmouzic.org\/index.php\/le-temps-des-fileuses-creation-2019\/\" data-type=\"URL\" data-id=\"https:\/\/www.marmouzic.org\/index.php\/le-temps-des-fileuses-creation-2019\/\" target=\"_blank\"><span style=\"color:#1e0db5\" class=\"has-inline-color\">un Cin\u00e9-Concert cont\u00e9 \u00ab\u00a0Le Temps des Fileuses\u00a0\u00bb<\/span> <\/a><\/strong><\/p>\n\n\n\n<p class=\"has-medium-font-size\"><br><strong><br>     &#8211; <a href=\"https:\/\/www.marmouzic.org\/index.php\/lectures-musicales\/\"><span style=\"color:#1e0db5\" class=\"has-inline-color\">des lectures musicales<\/span><\/a><\/strong><\/p>\n\n\n\n<p class=\"has-medium-font-size\"><br><strong><br>     &#8211; <a href=\"https:\/\/www.marmouzic.org\/index.php\/creations-theatrales\/\" data-type=\"URL\" data-id=\"https:\/\/www.marmouzic.org\/index.php\/creations-theatrales\/\"><span style=\"color:#1e0db5\" class=\"has-inline-color\">des spectacles th\u00e9\u00e2traux<\/span><\/a><span style=\"color:#1e0db5\" class=\"has-inline-color\"> <\/span>qu&rsquo;elle met en sc\u00e8ne, cr\u00e9e et\/ou adapte.<\/strong><\/p>\n","protected":false},"excerpt":{"rendered":"<p>A c\u00f4t\u00e9 de son travail d&rsquo;artiste et de direction de la Compagnie jeune public Marmouzic, Catherine Le Flochmoan travaille aussi en direction des adultes et du tout public, avec diff\u00e9rents types de spectacles: &#8211; un Cin\u00e9-Concert cont\u00e9 \u00ab\u00a0Le Temps des Fileuses\u00a0\u00bb &#8211; des lectures musicales &#8211; des spectacles th\u00e9\u00e2traux qu&rsquo;elle met en sc\u00e8ne, cr\u00e9e et\/ou&hellip;&nbsp;<a href=\"https:\/\/www.marmouzic.org\/index.php\/les-spectacles-tout-public-catherine-le-flochmoan\/\" rel=\"bookmark\">Lire la suite &raquo;<span class=\"screen-reader-text\">Les spectacles \u00ab\u00a0tout public\u00a0\u00bb de Catherine Le Flochmoan<\/span><\/a><\/p>\n","protected":false},"author":1,"featured_media":0,"parent":0,"menu_order":0,"comment_status":"closed","ping_status":"closed","template":"","meta":{"neve_meta_sidebar":"right","neve_meta_container":"","neve_meta_enable_content_width":"on","neve_meta_content_width":70,"neve_meta_title_alignment":"","neve_meta_author_avatar":"","neve_post_elements_order":"","neve_meta_disable_header":"","neve_meta_disable_footer":"","neve_meta_disable_title":"","footnotes":""},"class_list":["post-410","page","type-page","status-publish","hentry"],"featured_image_src":null,"featured_image_src_square":null,"_links":{"self":[{"href":"https:\/\/www.marmouzic.org\/index.php\/wp-json\/wp\/v2\/pages\/410","targetHints":{"allow":["GET"]}}],"collection":[{"href":"https:\/\/www.marmouzic.org\/index.php\/wp-json\/wp\/v2\/pages"}],"about":[{"href":"https:\/\/www.marmouzic.org\/index.php\/wp-json\/wp\/v2\/types\/page"}],"author":[{"embeddable":true,"href":"https:\/\/www.marmouzic.org\/index.php\/wp-json\/wp\/v2\/users\/1"}],"replies":[{"embeddable":true,"href":"https:\/\/www.marmouzic.org\/index.php\/wp-json\/wp\/v2\/comments?post=410"}],"version-history":[{"count":12,"href":"https:\/\/www.marmouzic.org\/index.php\/wp-json\/wp\/v2\/pages\/410\/revisions"}],"predecessor-version":[{"id":1946,"href":"https:\/\/www.marmouzic.org\/index.php\/wp-json\/wp\/v2\/pages\/410\/revisions\/1946"}],"wp:attachment":[{"href":"https:\/\/www.marmouzic.org\/index.php\/wp-json\/wp\/v2\/media?parent=410"}],"curies":[{"name":"wp","href":"https:\/\/api.w.org\/{rel}","templated":true}]}}