{"id":55,"date":"2019-12-15T12:14:56","date_gmt":"2019-12-15T11:14:56","guid":{"rendered":"http:\/\/www.marmouzic.org\/wwz\/?page_id=55"},"modified":"2023-03-28T16:09:53","modified_gmt":"2023-03-28T14:09:53","slug":"le-vieux-reverbere","status":"publish","type":"page","link":"https:\/\/www.marmouzic.org\/index.php\/le-vieux-reverbere\/","title":{"rendered":"Le Vieux R\u00e9verb\u00e8re"},"content":{"rendered":"\n<h4 class=\"wp-block-heading\">Cin\u00e9-Conte Musical<\/h4>\n\n\n\n<p>d&rsquo;apr\u00e8s le conte d&rsquo;Andersen<\/p>\n\n\n\n<div class=\"wp-block-media-text alignwide is-stacked-on-mobile\"><figure class=\"wp-block-media-text__media\"><img loading=\"lazy\" decoding=\"async\" width=\"1000\" height=\"750\" src=\"https:\/\/www.marmouzic.org\/wp-content\/uploads\/2020\/07\/Reverbere-7.jpg\" alt=\"\" class=\"wp-image-1372 size-full\" srcset=\"https:\/\/www.marmouzic.org\/wp-content\/uploads\/2020\/07\/Reverbere-7.jpg 1000w, https:\/\/www.marmouzic.org\/wp-content\/uploads\/2020\/07\/Reverbere-7-300x225.jpg 300w, https:\/\/www.marmouzic.org\/wp-content\/uploads\/2020\/07\/Reverbere-7-768x576.jpg 768w\" sizes=\"auto, (max-width: 1000px) 100vw, 1000px\" \/><\/figure><div class=\"wp-block-media-text__content\">\n<p class=\"has-medium-font-size\"><strong>Une conteuse, deux musiciens, trois courts m\u00e9trages sur le th\u00e8me du conte et des marionnettes en ombres chinoises<\/strong><\/p>\n<\/div><\/div>\n\n\n\n<div class=\"wp-block-media-text alignwide has-media-on-the-right is-stacked-on-mobile\"><div class=\"wp-block-media-text__content\">\n<p> Il \u00e9tait une fois un vieux r\u00e9verb\u00e8re promis \u00e0 la fonte&#8230; <br> <br>mais l&rsquo;amiti\u00e9 du vent, de l&rsquo;\u00e9toile filante et d&rsquo;un vieil  allumeur   de  r\u00e9verb\u00e8re  lui  permettront d&rsquo;\u00e9chapper \u00e0 son funeste destin et de  projeter sa m\u00e9moire sur les murs, sous la forme de 3 court-m\u00e9trages  muets sur le th\u00e8me du conte.<\/p>\n\n\n\n<p><strong>Un magnifique conte d&rsquo;Andersen et une belle histoire sur l&rsquo;amiti\u00e9 et sur le temps qui passe &#8230;un spectacle doux, po\u00e9tique et non d\u00e9nu\u00e9 d&rsquo;humour&#8230;<\/strong><\/p>\n<\/div><figure class=\"wp-block-media-text__media\"><img loading=\"lazy\" decoding=\"async\" width=\"1000\" height=\"750\" src=\"https:\/\/www.marmouzic.org\/wp-content\/uploads\/2020\/07\/Reverbere-2.jpg\" alt=\"\" class=\"wp-image-1368 size-full\" srcset=\"https:\/\/www.marmouzic.org\/wp-content\/uploads\/2020\/07\/Reverbere-2.jpg 1000w, https:\/\/www.marmouzic.org\/wp-content\/uploads\/2020\/07\/Reverbere-2-300x225.jpg 300w, https:\/\/www.marmouzic.org\/wp-content\/uploads\/2020\/07\/Reverbere-2-768x576.jpg 768w\" sizes=\"auto, (max-width: 1000px) 100vw, 1000px\" \/><\/figure><\/div>\n\n\n\n<div class=\"wp-block-media-text alignwide is-stacked-on-mobile\"><figure class=\"wp-block-media-text__media\"><img loading=\"lazy\" decoding=\"async\" width=\"1000\" height=\"750\" src=\"https:\/\/www.marmouzic.org\/wp-content\/uploads\/2020\/07\/Reverbere-5.jpg\" alt=\"\" class=\"wp-image-1370 size-full\" srcset=\"https:\/\/www.marmouzic.org\/wp-content\/uploads\/2020\/07\/Reverbere-5.jpg 1000w, https:\/\/www.marmouzic.org\/wp-content\/uploads\/2020\/07\/Reverbere-5-300x225.jpg 300w, https:\/\/www.marmouzic.org\/wp-content\/uploads\/2020\/07\/Reverbere-5-768x576.jpg 768w\" sizes=\"auto, (max-width: 1000px) 100vw, 1000px\" \/><\/figure><div class=\"wp-block-media-text__content\">\n<p class=\"has-normal-font-size\"><strong>Les films sont:<br>\u00ab\u00a0Poucette\u00a0\u00bb et \u00ab\u00a0La cigale et la fourmi\u00a0\u00bb de Lotte Reiniger (<\/strong><em>la plus grande r\u00e9alisatrice de films en ombres chinoises<\/em>)<strong>, et<br>Le petit Chaperon Rouge de Walter Lantz (<\/strong><em>le cr\u00e9ateur de Woody Woodpecker)<\/em><\/p>\n<\/div><\/div>\n\n\n\n<h6 class=\"wp-block-heading\"><br><br><\/h6>\n\n\n\n<div class=\"wp-block-media-text alignwide has-media-on-the-right is-stacked-on-mobile\"><div class=\"wp-block-media-text__content\">\n<h6 class=\"wp-block-heading\" id=\"block-3c0a998a-df9b-410f-874a-02ea04e2f3a6\"><strong>Christofer Bjurstr\u00f6m \/ Piano<br>Catherine Le Flochmoan \/ conteuse<\/strong><br>Daniel Palomo Vinuesa \/ Saxophones<\/h6>\n\n\n\n<h6 class=\"wp-block-heading\" id=\"block-9e864ca2-f73c-4bf6-b00f-075d33fc8539\"><em>Musique de Christofer BJURSTR\u00f6M<br><br>Adaptation et mise en sc\u00e8ne de Christophe SIGOGNAULT et Tsilla CHELTON<\/em><\/h6>\n<\/div><figure class=\"wp-block-media-text__media\"><img loading=\"lazy\" decoding=\"async\" width=\"1000\" height=\"750\" src=\"https:\/\/www.marmouzic.org\/wp-content\/uploads\/2020\/07\/Reverbere-3.jpg\" alt=\"\" class=\"wp-image-1369 size-full\" srcset=\"https:\/\/www.marmouzic.org\/wp-content\/uploads\/2020\/07\/Reverbere-3.jpg 1000w, https:\/\/www.marmouzic.org\/wp-content\/uploads\/2020\/07\/Reverbere-3-300x225.jpg 300w, https:\/\/www.marmouzic.org\/wp-content\/uploads\/2020\/07\/Reverbere-3-768x576.jpg 768w\" sizes=\"auto, (max-width: 1000px) 100vw, 1000px\" \/><\/figure><\/div>\n\n\n\n<h6 class=\"wp-block-heading\">Coproduction Le Bon Alouate\/ Festival CINEJUNIOR 94 avec le soutien de l&rsquo;ADAMI, de la SPEDIDAM  et de la DRAC-Ile-de-France<\/h6>\n\n\n\n<figure class=\"wp-block-image size-large\"><img loading=\"lazy\" decoding=\"async\" width=\"1000\" height=\"750\" src=\"https:\/\/www.marmouzic.org\/wp-content\/uploads\/2020\/07\/Reverbere-1.jpg\" alt=\"\" class=\"wp-image-1367\" srcset=\"https:\/\/www.marmouzic.org\/wp-content\/uploads\/2020\/07\/Reverbere-1.jpg 1000w, https:\/\/www.marmouzic.org\/wp-content\/uploads\/2020\/07\/Reverbere-1-300x225.jpg 300w, https:\/\/www.marmouzic.org\/wp-content\/uploads\/2020\/07\/Reverbere-1-768x576.jpg 768w\" sizes=\"auto, (max-width: 1000px) 100vw, 1000px\" \/><\/figure>\n\n\n<div\n\t\t\t\n\t\t\tclass=\"so-widget-sow-button so-widget-sow-button-wire-af96705daa24\"\n\t\t\t\n\t\t><div class=\"ow-button-base ow-button-align-center\"\n>\n\t\t\t<a\n\t\t\t\t\thref=\"https:\/\/www.marmouzic.org\/index.php\/le-vieux-reverbere\/\"\n\t\t\t\t\tclass=\"sowb-button ow-icon-placement-top ow-button-hover\" \t>\n\t\t<span>\n\t\t\t<span class=\"sow-icon-ionicons\" data-sow-icon=\"&#xf398;\"\n\t\tstyle=\"color: #000000\" \n\t\taria-hidden=\"true\"><\/span>\n\t\t\tHaut de page\t\t<\/span>\n\t\t\t<\/a>\n\t<\/div>\n<\/div>","protected":false},"excerpt":{"rendered":"<p>Cin\u00e9-Conte Musical d&rsquo;apr\u00e8s le conte d&rsquo;Andersen Une conteuse, deux musiciens, trois courts m\u00e9trages sur le th\u00e8me du conte et des marionnettes en ombres chinoises Il \u00e9tait une fois un vieux r\u00e9verb\u00e8re promis \u00e0 la fonte&#8230; mais l&rsquo;amiti\u00e9 du vent, de l&rsquo;\u00e9toile filante et d&rsquo;un vieil allumeur de r\u00e9verb\u00e8re lui permettront d&rsquo;\u00e9chapper \u00e0 son funeste destin&hellip;&nbsp;<a href=\"https:\/\/www.marmouzic.org\/index.php\/le-vieux-reverbere\/\" rel=\"bookmark\">Lire la suite &raquo;<span class=\"screen-reader-text\">Le Vieux R\u00e9verb\u00e8re<\/span><\/a><\/p>\n","protected":false},"author":1,"featured_media":0,"parent":0,"menu_order":0,"comment_status":"closed","ping_status":"closed","template":"","meta":{"neve_meta_sidebar":"right","neve_meta_container":"","neve_meta_enable_content_width":"on","neve_meta_content_width":70,"neve_meta_title_alignment":"","neve_meta_author_avatar":"","neve_post_elements_order":"","neve_meta_disable_header":"","neve_meta_disable_footer":"","neve_meta_disable_title":"","footnotes":""},"class_list":["post-55","page","type-page","status-publish","hentry"],"featured_image_src":null,"featured_image_src_square":null,"_links":{"self":[{"href":"https:\/\/www.marmouzic.org\/index.php\/wp-json\/wp\/v2\/pages\/55","targetHints":{"allow":["GET"]}}],"collection":[{"href":"https:\/\/www.marmouzic.org\/index.php\/wp-json\/wp\/v2\/pages"}],"about":[{"href":"https:\/\/www.marmouzic.org\/index.php\/wp-json\/wp\/v2\/types\/page"}],"author":[{"embeddable":true,"href":"https:\/\/www.marmouzic.org\/index.php\/wp-json\/wp\/v2\/users\/1"}],"replies":[{"embeddable":true,"href":"https:\/\/www.marmouzic.org\/index.php\/wp-json\/wp\/v2\/comments?post=55"}],"version-history":[{"count":12,"href":"https:\/\/www.marmouzic.org\/index.php\/wp-json\/wp\/v2\/pages\/55\/revisions"}],"predecessor-version":[{"id":6172,"href":"https:\/\/www.marmouzic.org\/index.php\/wp-json\/wp\/v2\/pages\/55\/revisions\/6172"}],"wp:attachment":[{"href":"https:\/\/www.marmouzic.org\/index.php\/wp-json\/wp\/v2\/media?parent=55"}],"curies":[{"name":"wp","href":"https:\/\/api.w.org\/{rel}","templated":true}]}}