{"id":59,"date":"2019-12-15T12:18:16","date_gmt":"2019-12-15T11:18:16","guid":{"rendered":"http:\/\/www.marmouzic.org\/wwz\/?page_id=59"},"modified":"2023-03-28T15:42:15","modified_gmt":"2023-03-28T13:42:15","slug":"le-jour-ou-maja-devint-une-etoile","status":"publish","type":"page","link":"https:\/\/www.marmouzic.org\/index.php\/le-jour-ou-maja-devint-une-etoile\/","title":{"rendered":"Le jour o\u00f9 Maja devint une \u00e9toile"},"content":{"rendered":"\n<h2 class=\"has-medium-font-size wp-block-heading\">et autres contes nordiques<\/h2>\n\n\n\n<p class=\"has-text-align-center\" style=\"font-size:19px\"><strong><span style=\"color:#25610d\" class=\"has-inline-color\">Entre contes et chansons traditionnelles, Catherine Le Flochmoan  vous entra\u00eene <\/span><\/strong><br><strong><span style=\"color:#25610d\" class=\"has-inline-color\">dans  l&rsquo;imaginaire des Contes Nordiques peupl\u00e9s d&rsquo;elfes, de trolls et d&rsquo;autres \u00eatres inqui\u00e9tants. <\/span><\/strong><\/p>\n\n\n\n<ul class=\"wp-block-list\">\n<li><strong><span style=\"color:#a31809\" class=\"has-inline-color\">Pour toutes les oreilles \u00e0 partir de 5 ans<\/span><\/strong><\/li>\n\n\n\n<li><strong>Dur\u00e9e :<\/strong> 40 minutes &#8211; <strong>Jauge <\/strong>: 150 enfants maximum <\/li>\n<\/ul>\n\n\n\n<p class=\"has-text-align-center\">_______________________________________________<\/p>\n\n\n\n<p class=\"has-text-align-center\" style=\"font-size:15px\"> <strong>Au programme 3 contes traditionnels issus des  r\u00e9pertoires su\u00e9dois et islandais, pour faire voyager petits et grands, dans un univers glac\u00e9, \u00e9trange et mal\u00e9fique&#8230; <\/strong><br><strong>Des chansons traditionnelles et inspir\u00e9es de l&rsquo;univers des histoires ponctuent la cont\u00e9e.<br><\/strong><\/p>\n\n\n\n<div class=\"wp-block-group\"><div class=\"wp-block-group__inner-container is-layout-flow wp-block-group-is-layout-flow\"><\/div><\/div>\n\n\n\n<div class=\"wp-block-media-text alignwide is-stacked-on-mobile\" style=\"grid-template-columns:42% auto\"><figure class=\"wp-block-media-text__media\"><img loading=\"lazy\" decoding=\"async\" width=\"700\" height=\"525\" src=\"https:\/\/www.marmouzic.org\/wp-content\/uploads\/2020\/11\/dec-2007-Strasbourg-7-petite-modifiee.jpg\" alt=\"\" class=\"wp-image-2007 size-full\" srcset=\"https:\/\/www.marmouzic.org\/wp-content\/uploads\/2020\/11\/dec-2007-Strasbourg-7-petite-modifiee.jpg 700w, https:\/\/www.marmouzic.org\/wp-content\/uploads\/2020\/11\/dec-2007-Strasbourg-7-petite-modifiee-300x225.jpg 300w\" sizes=\"auto, (max-width: 700px) 100vw, 700px\" \/><\/figure><div class=\"wp-block-media-text__content\">\n<p style=\"font-size:19px\"><strong><span style=\"color:#25610d\" class=\"has-inline-color\">-&gt;\u00a0\u00bbLe jour o\u00f9 Maja devint une \u00e9toile\u00a0\u00bb<\/span><\/strong><br><span class=\"has-inline-color has-black-color\">d&rsquo;apr\u00e8s un conte su\u00e9dois de l&rsquo;\u00d6sterg\u00f6tland<\/span><\/p>\n\n\n\n<p style=\"font-size:15px\"><strong><span class=\"has-inline-color has-black-color\">O\u00f9 il est question d&rsquo;une princesse su\u00e9doise, d&rsquo;un ogre terrifiant et de 6 princes&#8230;.<\/span><\/strong><\/p>\n\n\n\n<p style=\"font-size:15px\">Comment d\u00e9livrer la princesse retenue prisonni\u00e8re par <strong>un ogre,  tout en haut d&rsquo;une montagne de glace,<\/strong> au beau milieu de l&rsquo;oc\u00e9an\u2026<br>6 princes mettront leurs talents en commun pour y parvenir, mais l&rsquo;ogre guette\u2026et qui \u00e9pousera la princesse ?<\/p>\n<\/div><\/div>\n\n\n\n<div class=\"wp-block-media-text alignwide has-media-on-the-right is-stacked-on-mobile\" style=\"grid-template-columns:auto 31%\"><div class=\"wp-block-media-text__content\">\n<p style=\"font-size:19px\"><strong><span style=\"color:#25610d\" class=\"has-inline-color\"><strong>-&gt; \u00ab\u00a0Agneta et les elfes\u00a0\u00bb<\/strong><br><\/span><\/strong><span class=\"has-inline-color has-black-color\">d&rsquo;apr\u00e8s un conte traditionnel islandais<\/span><\/p>\n\n\n\n<p style=\"font-size:15px\"><mark style=\"background-color:rgba(0, 0, 0, 0)\" class=\"has-inline-color has-black-color\"><strong>O\u00f9 il est question d&rsquo;une jeune femme qui viendra en aide \u00e0 des Elfes dans leur palais sous la terre et \u00e0 un b\u00e9b\u00e9 qui a du mal \u00e0 venir au monde&#8230;<\/strong><\/mark><\/p>\n\n\n\n<p style=\"font-size:15px\">Par une belle soir\u00e9e d&rsquo;\u00e9t\u00e9, le monde secret des Elfes est r\u00e9v\u00e9l\u00e9 \u00e0 la jeune Agneta mais les Elfes n&rsquo;aiment pas que les humains se m\u00ealent de leurs affaires\u2026<\/p>\n<\/div><figure class=\"wp-block-media-text__media\"><img loading=\"lazy\" decoding=\"async\" width=\"700\" height=\"747\" src=\"https:\/\/www.marmouzic.org\/wp-content\/uploads\/2020\/11\/femme-verte-rotated.jpg\" alt=\"\" class=\"wp-image-2005 size-full\" srcset=\"https:\/\/www.marmouzic.org\/wp-content\/uploads\/2020\/11\/femme-verte-rotated.jpg 700w, https:\/\/www.marmouzic.org\/wp-content\/uploads\/2020\/11\/femme-verte-281x300.jpg 281w\" sizes=\"auto, (max-width: 700px) 100vw, 700px\" \/><\/figure><\/div>\n\n\n\n<div class=\"wp-block-media-text alignwide is-stacked-on-mobile\" style=\"grid-template-columns:43% auto\"><figure class=\"wp-block-media-text__media\"><img loading=\"lazy\" decoding=\"async\" width=\"700\" height=\"449\" src=\"https:\/\/www.marmouzic.org\/wp-content\/uploads\/2020\/11\/pour-bukolla-1.jpg\" alt=\"\" class=\"wp-image-2001 size-full\" srcset=\"https:\/\/www.marmouzic.org\/wp-content\/uploads\/2020\/11\/pour-bukolla-1.jpg 700w, https:\/\/www.marmouzic.org\/wp-content\/uploads\/2020\/11\/pour-bukolla-1-300x192.jpg 300w\" sizes=\"auto, (max-width: 700px) 100vw, 700px\" \/><\/figure><div class=\"wp-block-media-text__content\">\n<p><strong><span style=\"color:#25610d\" class=\"has-inline-color\">-&gt; \u00a0\u00bb Bukolla et le petit gar\u00e7on\u00a0\u00bb<\/span><\/strong><br><span class=\"has-inline-color has-black-color\">d&rsquo;apr\u00e8s un conte traditionnel islandais<\/span><\/p>\n\n\n\n<p style=\"font-size:15px\"><strong><span class=\"has-inline-color has-black-color\">O\u00f9 il est question un petit gar\u00e7on confront\u00e9 \u00e0 une terrible femme-troll et \u00e0 sa fille, pour retrouver sa vache<\/span><\/strong><\/p>\n\n\n\n<p style=\"font-size:15px\"><mark style=\"background-color:rgba(0, 0, 0, 0)\" class=\"has-inline-color has-black-color\">Bukolla, la magnifique vache des parents d&rsquo;Andreas a \u00e9t\u00e9 enlev\u00e9e par deux femmes trolls malfaisantes\u2026 Qu&rsquo;importe le danger, Andreas se lance \u00e0 leur poursuite mais les choses pourraient mal tourner si la vache ne d\u00e9tenait un pouvoir magique\u2026.<\/mark><\/p>\n<\/div><\/div>\n\n\n<div class=\"wp-block-image is-style-default\">\n<figure class=\"aligncenter size-large is-resized\"><img loading=\"lazy\" decoding=\"async\" src=\"https:\/\/www.marmouzic.org\/wp-content\/uploads\/2020\/11\/a-la-mieux-de-pres-en-conte-1024x661.jpg\" alt=\"\" class=\"wp-image-1614\" width=\"246\" height=\"158\" srcset=\"https:\/\/www.marmouzic.org\/wp-content\/uploads\/2020\/11\/a-la-mieux-de-pres-en-conte-1024x661.jpg 1024w, https:\/\/www.marmouzic.org\/wp-content\/uploads\/2020\/11\/a-la-mieux-de-pres-en-conte-300x194.jpg 300w, https:\/\/www.marmouzic.org\/wp-content\/uploads\/2020\/11\/a-la-mieux-de-pres-en-conte-768x496.jpg 768w, https:\/\/www.marmouzic.org\/wp-content\/uploads\/2020\/11\/a-la-mieux-de-pres-en-conte-1536x992.jpg 1536w, https:\/\/www.marmouzic.org\/wp-content\/uploads\/2020\/11\/a-la-mieux-de-pres-en-conte-2048x1322.jpg 2048w\" sizes=\"auto, (max-width: 246px) 100vw, 246px\" \/><\/figure>\n<\/div>\n\n<div\n\t\t\t\n\t\t\tclass=\"so-widget-sow-button so-widget-sow-button-wire-c125f315acd5\"\n\t\t\t\n\t\t><div class=\"ow-button-base ow-button-align-center\"\n>\n\t\t\t<a\n\t\t\t\t\thref=\"https:\/\/www.marmouzic.org\/index.php\/le-jour-ou-maja-devint-une-etoile\/\"\n\t\t\t\t\tclass=\"sowb-button ow-icon-placement-top ow-button-hover\" \t>\n\t\t<span>\n\t\t\t<span class=\"sow-icon-ionicons\" data-sow-icon=\"&#xf398;\"\n\t\tstyle=\"color: #000000\" \n\t\taria-hidden=\"true\"><\/span>\n\t\t\tHaut de page\t\t<\/span>\n\t\t\t<\/a>\n\t<\/div>\n<\/div>","protected":false},"excerpt":{"rendered":"<p>et autres contes nordiques Entre contes et chansons traditionnelles, Catherine Le Flochmoan vous entra\u00eene dans l&rsquo;imaginaire des Contes Nordiques peupl\u00e9s d&rsquo;elfes, de trolls et d&rsquo;autres \u00eatres inqui\u00e9tants. _______________________________________________ Au programme 3 contes traditionnels issus des r\u00e9pertoires su\u00e9dois et islandais, pour faire voyager petits et grands, dans un univers glac\u00e9, \u00e9trange et mal\u00e9fique&#8230; Des chansons traditionnelles&hellip;&nbsp;<a href=\"https:\/\/www.marmouzic.org\/index.php\/le-jour-ou-maja-devint-une-etoile\/\" rel=\"bookmark\">Lire la suite &raquo;<span class=\"screen-reader-text\">Le jour o\u00f9 Maja devint une \u00e9toile<\/span><\/a><\/p>\n","protected":false},"author":1,"featured_media":1896,"parent":0,"menu_order":0,"comment_status":"closed","ping_status":"closed","template":"","meta":{"neve_meta_sidebar":"right","neve_meta_container":"","neve_meta_enable_content_width":"on","neve_meta_content_width":70,"neve_meta_title_alignment":"","neve_meta_author_avatar":"","neve_post_elements_order":"","neve_meta_disable_header":"","neve_meta_disable_footer":"","neve_meta_disable_title":"","footnotes":""},"class_list":["post-59","page","type-page","status-publish","has-post-thumbnail","hentry"],"featured_image_src":"https:\/\/www.marmouzic.org\/wp-content\/uploads\/2020\/11\/bandeau-Maja.jpg","featured_image_src_square":"https:\/\/www.marmouzic.org\/wp-content\/uploads\/2020\/11\/bandeau-Maja.jpg","_links":{"self":[{"href":"https:\/\/www.marmouzic.org\/index.php\/wp-json\/wp\/v2\/pages\/59","targetHints":{"allow":["GET"]}}],"collection":[{"href":"https:\/\/www.marmouzic.org\/index.php\/wp-json\/wp\/v2\/pages"}],"about":[{"href":"https:\/\/www.marmouzic.org\/index.php\/wp-json\/wp\/v2\/types\/page"}],"author":[{"embeddable":true,"href":"https:\/\/www.marmouzic.org\/index.php\/wp-json\/wp\/v2\/users\/1"}],"replies":[{"embeddable":true,"href":"https:\/\/www.marmouzic.org\/index.php\/wp-json\/wp\/v2\/comments?post=59"}],"version-history":[{"count":35,"href":"https:\/\/www.marmouzic.org\/index.php\/wp-json\/wp\/v2\/pages\/59\/revisions"}],"predecessor-version":[{"id":6155,"href":"https:\/\/www.marmouzic.org\/index.php\/wp-json\/wp\/v2\/pages\/59\/revisions\/6155"}],"wp:featuredmedia":[{"embeddable":true,"href":"https:\/\/www.marmouzic.org\/index.php\/wp-json\/wp\/v2\/media\/1896"}],"wp:attachment":[{"href":"https:\/\/www.marmouzic.org\/index.php\/wp-json\/wp\/v2\/media?parent=59"}],"curies":[{"name":"wp","href":"https:\/\/api.w.org\/{rel}","templated":true}]}}