{"id":61,"date":"2019-12-15T12:19:29","date_gmt":"2019-12-15T11:19:29","guid":{"rendered":"http:\/\/www.marmouzic.org\/wwz\/?page_id=61"},"modified":"2023-03-28T16:18:42","modified_gmt":"2023-03-28T14:18:42","slug":"seraphine-et-le-loup-enrhume","status":"publish","type":"page","link":"https:\/\/www.marmouzic.org\/index.php\/seraphine-et-le-loup-enrhume\/","title":{"rendered":"S\u00e9raphine et le Loup Enrhum\u00e9"},"content":{"rendered":"\n<p class=\"has-medium-font-size\"><mark style=\"background-color:rgba(0, 0, 0, 0);color:#a30120\" class=\"has-inline-color\"><strong>Une Clowne d&rsquo;objets \u00ab\u00a0tout terrain\u00a0\u00bb et un loup enrhum\u00e9!<\/strong><\/mark><\/p>\n\n\n\n<ul class=\"wp-block-list\">\n<li><strong><span class=\"has-inline-color has-neve-button-color-color\"><\/span><span style=\"color:#a31809\" class=\"has-inline-color\">\u00e0 partir de 3 ans<\/span><\/strong><\/li>\n\n\n\n<li><strong>dur\u00e9e: 45\/50mn<span style=\"color:#2d13d1\" class=\"has-inline-color\"><\/span><\/strong>                                    <strong> <\/strong><\/li>\n<\/ul>\n\n\n\n<p class=\"has-text-align-center\"><strong><span style=\"color:#f2230c\" class=\"has-inline-color\"> Bon \u00e0 savoir:<\/span><\/strong><br><strong><em>Ce spectacle peut \u00eatre pr\u00e9sent\u00e9 en rue comme en salle<\/em><\/strong><\/p>\n\n\n\n<p class=\"has-text-align-center\" style=\"font-size:15px\"><strong><strong>Une clowne \u00e9nergique, bricoleuse et r\u00e2leuse, <\/strong><\/strong><br><strong><strong>pour une histoire des 3 petits cochons et du grand m\u00e9chant loup, comme vous ne l\u2019aurez jamais vue,<\/strong><\/strong><br><strong><strong>avec 3 poireaux, des tranches de jambon et un cervelas\u2026.&nbsp;!!<\/strong><\/strong><br> <br><strong><span style=\"color:#a31809\" class=\"has-inline-color\">Un spectacle pour petits et grands,de 2 \u00e0 77 ans, et plus si affinit\u00e9s! ! !<\/span><\/strong><\/p>\n\n\n\n<figure class=\"wp-block-embed is-type-video is-provider-vimeo wp-block-embed-vimeo wp-embed-aspect-16-9 wp-has-aspect-ratio\"><div class=\"wp-block-embed__wrapper\">\n<div class=\"nv-iframe-embed\"><iframe loading=\"lazy\" title=\"SERAPHINE ET LE LOUP ENRHUME\" src=\"https:\/\/player.vimeo.com\/video\/96685928?dnt=1&amp;app_id=122963\" width=\"1200\" height=\"675\" frameborder=\"0\" allow=\"autoplay; fullscreen\" allowfullscreen><\/iframe><\/div>\n<\/div><\/figure>\n\n\n\n<p class=\"has-small-font-size\">En rentrant du march\u00e9, S\u00e9raphine, la clowne, entre par erreur dans la salle de spectacle. <br><strong>C&rsquo;est l&rsquo;occasion pour elle de raconter aux enfants une histoire qui lui tient tant \u00e0 c\u0153ur: celle du grand loup et des trois petits cochons<\/strong>. <br><strong>Mais attention, pas cette histoire mille fois rab\u00e2ch\u00e9e du loup m\u00e9chant et des pauvres petits \u00eatres roses et fondants comme des guimauves\u2026<br>Non&nbsp;!&nbsp;!<\/strong><br><br><strong>S\u00e9raphine va raconter la v\u00e9ridique histoire&nbsp;! <\/strong><br>Celle du pauvre loup enrhum\u00e9, qui n\u2019avait plus de sucre pour le g\u00e2teau d\u2019anniversaire de sa m\u00e9m\u00e9 et qui a malencontreusement \u00e9ternu\u00e9 en allant en demander \u00e0 ses voisins, les petits cochons&#8230;<\/p>\n\n\n\n<p class=\"has-small-font-size\" style=\"line-height:1.2\"><strong>Pour raconter l\u2019histoire et r\u00e9tablir enfin la v\u00e9rit\u00e9, S\u00e9raphine n\u2019a pas tout le d\u00e9cor n\u00e9cessaire et elle va utiliser ce qu\u2019elle trouve autour d\u2019elle&nbsp;: une chaise, un escabeau pas facile \u00e0 ouvrir.. et surtout ses courses, car elle revient du march\u00e9 \u2026<\/strong><br><strong>Mais chut&nbsp;!&nbsp;!&nbsp;!&nbsp;! Ne disons pas tout, car S\u00e9raphine a des id\u00e9es plut\u00f4t baroques, en mati\u00e8re de d\u00e9cor et de petits cochons\u2026.<\/strong><\/p>\n\n\n\n<style id=\"sp_tab_dynamic_style1046\">#sp-wp-tabs-wrapper_1046 .sp-tab__nav { justify-content: flex-start; }#sp-wp-tabs-wrapper_1046.sp-tab__lay-default.sp-tab__horizontal-bottom {display: flex;flex-direction: column-reverse;}#sp-wp-tabs-wrapper_1046.sp-tab__lay-default.sp-tab__horizontal-bottom > ul {border-top: 1px solid #cccccc;border-bottom: 0;margin-top: 0;}#sp-wp-tabs-wrapper_1046.sp-tab__lay-default.sp-tab__horizontal-bottom > ul > li .sp-tab__nav-link.sp-tab__active {border-color: transparent #cccccc#cccccc;margin-top: -1px;}#sp-wp-tabs-wrapper_1046.sp-tab__lay-default.sp-tab__horizontal-bottom > ul > li .sp-tab__nav-link,#sp-wp-tabs-wrapper_1046.sp-tab__lay-default.sp-tab__horizontal-bottom > ul > li a,#sp-wp-tabs-wrapper_1046.sp-tab__lay-default.sp-tab__horizontal-bottom > ul > .sp-tab__nav-item {border-top: 0;border-top-left-radius: 0;border-top-right-radius: 0;border-bottom-left-radius: 2px;border-bottom-right-radius: 2px;}#sp-wp-tabs-wrapper_1046.sp-tab__lay-default.sp-tab__horizontal-bottom > ul {border-bottom: none;}#sp-wp-tabs-wrapper_1046.sp-tab__lay-default.sp-tab__horizontal-bottom .sp-tab__tab-content .sp-tab__tab-pane {border-top: 1px solid #cccccc;border-bottom: 0;}#sp-wp-tabs-wrapper_1046.sp-tab__lay-default .sp-tab__tab-content .sp-tab-content > ul,#sp-wp-tabs-wrapper_1046.sp-tab__lay-default .sp-tab__tab-content .sp-tab-content > ol {border-bottom: none;}#sp-wp-tabs-wrapper_1046 .sp-tab__nav-tabs .sp-tab__nav-item.show .sp-tab__nav-link,#sp-wp-tabs-wrapper_1046.sp-tab__lay-default ul li .sp-tab__nav-link.sp-tab__active {border-color: #cccccc#cccccc transparent;}#sp-wp-tabs-wrapper_1046 > .sp-tab__nav-tabs .sp-tab__nav-link.sp-tab__active .sp-tab__tab_title,#sp-wp-tabs-wrapper_1046.sp-tab__lay-default .sp-tab__nav-link > .sp-tab__card-header {color: #444;}#sp-wp-tabs-wrapper_1046.sp-tab__lay-default > ul > li > .sp-tab__nav-link,#sp-wp-tabs-wrapper_1046.sp-tab__lay-default > ul > li > a {cursor: pointer;border-color: #cccccc;padding-top: 15px;padding-right: 15px;padding-bottom: 15px;padding-left: 15px;}#sp-wp-tabs-wrapper_1046 > .sp-tab__nav-tabs .sp-tab__nav-link {border: 1px solid #cccccc;height: 100%;}#sp-wp-tabs-wrapper_1046.sp-tab__lay-default > ul > li .sp-tab__nav-link,#sp-wp-tabs-wrapper_1046.sp-tab__lay-default > ul > li a,#sp-wp-tabs-wrapper_1046.sp-tab__lay-default > ul > .sp-tab__nav-item {border-top-left-radius: 2px;border-top-right-radius: 2px;}#sp-wp-tabs-wrapper_1046 .sp-tab__nav-tabs .sp-tab__nav-item {margin-bottom: -1px; }#sp-wp-tabs-wrapper_1046.sp-tab__lay-default > ul .sp-tab__nav-item {margin-right: 10px;}#sp-wp-tabs-wrapper_1046.sp-tab__lay-default.sp-tab__horizontal-bottom > ul .sp-tab__nav-item {margin-right: 10px;margin-top: 0;}#sp-wp-tabs-wrapper_1046.sp-tab__lay-default > ul .sp-tab__nav-item .sp-tab__nav-link:hover .sp-tab__tab_title,#sp-wp-tabs-wrapper_1046.sp-tab__lay-default > ul .sp-tab__nav-item a:hover .sp-tab__tab_title,#sp-wp-tabs-wrapper_1046.sp-tab__lay-default .sp-tab__nav-link.collapsed .sp-tab__card-header:hover {color: #444;transition: .3s;}#sp-wp-tabs-wrapper_1046.sp-tab__lay-default > ul .sp-tab__nav-item,#sp-wp-tabs-wrapper_1046.sp-tab__lay-default .sp-tab__nav-link.collapsed > .sp-tab__card-header {background-color: #ddb77e;transition: 0.3s;}#sp-wp-tabs-wrapper_1046 > .sp-tab__nav-tabs > .sp-tab__nav-item.show .sp-tab__nav-link,#sp-wp-tabs-wrapper_1046 > .sp-tab__nav-tabs > .sp-tab__nav-item .sp-tab__nav-link.sp-tab__active,#sp-wp-tabs-wrapper_1046.sp-tab__lay-default .sp-tab__nav-link > .sp-tab__card-header {background-color: #dd9933;}#sp-tabs-wrapper_1046.sp-tab__lay-default > ul .sp-tab__nav-item .sp-tab__nav-link:not(.sp-tab__active):hover,#sp-tabs-wrapper_1046.sp-tab__lay-default .sp-tab__tab-content > .sp-tab__tab-pane .sp-tab__card-header:hover {background-color: #dd3333;}#sp-wp-tabs-wrapper_1046.sp-tab__lay-default > ul .sp-tab__nav-item:not(.sp-tab__active):hover,#sp-wp-tabs-wrapper_1046.sp-tab__lay-default .sp-tab__nav-link.collapsed > .sp-tab__card-header:hover {background-color: #dd3333;}#sp-wp-tabs-wrapper_1046.sp-tab__lay-default > ul .sp-tab__nav-item:last-child {margin-right: 0;}#sp-wp-tabs-wrapper_1046.sp-tab__lay-default > .sp-tab__tab-content .sp-tab__tab-pane {border: 1px solid #cccccc;padding-top: 20px;padding-right: 20px;padding-bottom: 20px;padding-left: 20px;background-color: #dd9933;}#sp-wp-tabs-wrapper_1046.sp-tab__lay-default > ul {border-bottom: 1px solid #cccccc;}#sp-wp-tabs-wrapper_1046.sp-tab__lay-default > .sp-tab__tab-content .sp-tab__tab-pane {border-top: 0px;}@media(max-width:480px) {#sp-wp-tabs-wrapper_1046.sp-tab__lay-default > ul li.sp-tab__nav-item {width: 100%;margin-right: 0px;}#sp-wp-tabs-wrapper_1046.sp-tab__lay-default > ul li.sp-tab__nav-item:last-child {margin-bottom: -1px;}}#sp-wp-tabs-wrapper_1046.sp-tab__lay-default > ul .sp-tab__nav-item .sp-tab__tab_title,#sp-wp-tabs-wrapper_1046.sp-tab__lay-default span > .sp-tab__card-header {font-weight: 600;font-style: normal;font-size: 16px;line-height: 22px;letter-spacing: 0px;color: #444;margin: 0px;font-family: Open Sans;font-style: normal;font-weight: 600;}#sp-wp-tabs-wrapper_1046.sp-tab__lay-default > .sp-tab__tab-content .sp-tab__tab-pane,#sp-wp-tabs-wrapper_1046.sp-tab__lay-default > .sp-tab__tab-content .sp-tab__tab-pane p {font-weight: 400;font-style: normal;font-size: 16px;line-height: 24px;letter-spacing: 0px;color: #444;font-family: Open Sans;font-style: 400;font-weight: ;}#sp-wp-tabs-wrapper_1046.sp-tab__lay-default > .sp-tab__tab-content .sp-tab__tab-pane ul li a, #sp-wp-tabs-wrapper_1046.sp-tab__lay-default .sp-tab__tab-content .sp-tab__tab-pane ol li a {color: #444;}<\/style>\t\t<div id=\"sp-wp-tabs-wrapper_1046\" class=\"sp-tab__lay-default\" data-preloader=\"1\" data-activemode=\"tabs-activator-event-click\" data-anchor_linking=\"1\">\n\t\t\t<div class=\"sp-tab__preloader\">\n\t\t<div class=\"sp-tab__spinner\">\n\t\t\t<div class=\"rect1\"><\/div>\n\t\t\t<div class=\"rect2\"><\/div>\n\t\t\t<div class=\"rect3\"><\/div>\n\t\t\t<div class=\"rect4\"><\/div>\n\t\t\t<div class=\"rect5\"><\/div>\n\t\t<\/div>\n\t<\/div>\n\t<ul class=\"sp-tab__nav sp-tab__nav-tabs\" id=\"sp-tab__ul\" role=\"tablist\">\n\t\t\t\t<li class=\"sp-tab__nav-item\" role=\"presentation\">\n\t\t\t\t<span class=\"sp-tab__nav-link sp-tab__active\" data-sptoggle=\"tab\" for=\"#tab-10461\" role=\"tab\" aria-controls=tab-10461 aria-selected=true tabindex=0>\n\t\t\t\t\t<span class=\"tab_title_area\"><H4 class=\"sp-tab__tab_title\">En savoir plus<\/H4><\/span>\n\t\t\t\t<\/span>\n\t\t\t<\/li>\n\t\t\t\t\t\t<li class=\"sp-tab__nav-item\" role=\"presentation\">\n\t\t\t\t<span class=\"sp-tab__nav-link\" data-sptoggle=\"tab\" for=\"#tab-10462\" role=\"tab\" aria-controls=tab-10462 aria-selected=true tabindex=0>\n\t\t\t\t\t<span class=\"tab_title_area\"><H4 class=\"sp-tab__tab_title\">En pratique<\/H4><\/span>\n\t\t\t\t<\/span>\n\t\t\t<\/li>\n\t\t\t<\/ul>\n<div class=\"sp-tab__tab-content\">\n\t\t\t\t<div id=\"tab-10461\" class=\"sp-tab__tab-pane sp-tab__show sp-tab__active\" role=\"tabpanel\">\n\t\t\t\t\t<div class=\"sp-tab-content \"><p><strong>\u2192 <span style=\"font-size: medium\">Le spectacle est tr\u00e8s librement <\/span><\/strong><em> inspir\u00e9 de l'album \u00ab\u00a0La v\u00e9rit\u00e9 sur l\u2019affaire des trois petits cochons\u00a0\u00bb de Jon Scieszka (auteur) et Lane Smith (Illustrateur)\u00a0, Edition Nathan<\/em><\/p>\n<p>\u2192 Age\u00a0: \u00e0 partir de 2 ans<\/p>\n<p>\u2192 dur\u00e9e\u00a0: 45 mn<\/p>\n<p><strong>Pour tout renseignement, vous pouvez nous contacter:<\/strong><\/p>\n<ul>\n<li><strong>Constance Devol<\/strong>: 02 98 43 02 06 et diffusion@cooperative109.org<\/li>\n<li><strong>Catherine Le Flochmoan<\/strong>: 06 51 58 85 17 et c.leflochmoan@free.fr<\/li>\n<\/ul>\n<\/div>\n\t\t\t\t<\/div>\n\t\t\t\t\t\t\t\t<div id=\"tab-10462\" class=\"sp-tab__tab-pane \" role=\"tabpanel\">\n\t\t\t\t\t<div class=\"sp-tab-content \"><p>Un spectacle tr\u00e8s facile \u00e0 mettre en \u0153uvre et qui peut \u00eatre pr\u00e9sent\u00e9 partout, en rue ou en salle<\/p>\n<p>Nous pouvons aussi jouer \u00ab clef en main \u00bb ou compl\u00e9ter le mat\u00e9riel dont vous ne pourriez disposer<\/p>\n<p>Technique\u00a0:<\/p>\n<p>\u2192 en salle\u00a0: quelques \u00e9l\u00e9ments de lumi\u00e8re et de quoi diffuser quelques sons<\/p>\n<p>\u2192 en rue : si possible,\u00a0 de quoi diffuser quelques sons<\/p>\n<p>Pour ce spectacle S\u00e9raphine la clowne dispose d'un d\u00e9cor tr\u00e8s simple, un paravent et quelques \u00e9l\u00e9ments faciles \u00e0 installer. En g\u00e9n\u00e9ral, 3h sont n\u00e9cessaires, maquillage de la clowne inclus mais il reste possible de faire plus vite si n\u00e9cessaire.<\/p>\n<p>La plupart du temps S\u00e9raphine vient avec son r\u00e9gisseur mais elle peut, aussi dans certaines conditions, venir seule.<\/p>\n<\/div>\n\t\t\t\t<\/div>\n\t\t\t\t<\/div>\n\t\t<\/div>\n\t\t\n\n\n<div\n\t\t\t\n\t\t\tclass=\"so-widget-sow-button so-widget-sow-button-wire-af96705daa24\"\n\t\t\t\n\t\t><div class=\"ow-button-base ow-button-align-center\"\n>\n\t\t\t<a\n\t\t\t\t\thref=\"https:\/\/www.marmouzic.org\/index.php\/seraphine-et-le-loup-enrhume\/\"\n\t\t\t\t\tclass=\"sowb-button ow-icon-placement-top ow-button-hover\" \t>\n\t\t<span>\n\t\t\t<span class=\"sow-icon-ionicons\" data-sow-icon=\"&#xf398;\"\n\t\tstyle=\"color: #000000\" \n\t\taria-hidden=\"true\"><\/span>\n\t\t\tHaut de page\t\t<\/span>\n\t\t\t<\/a>\n\t<\/div>\n<\/div>","protected":false},"excerpt":{"rendered":"<p>Une Clowne d&rsquo;objets \u00ab\u00a0tout terrain\u00a0\u00bb et un loup enrhum\u00e9! Bon \u00e0 savoir:Ce spectacle peut \u00eatre pr\u00e9sent\u00e9 en rue comme en salle Une clowne \u00e9nergique, bricoleuse et r\u00e2leuse, pour une histoire des 3 petits cochons et du grand m\u00e9chant loup, comme vous ne l\u2019aurez jamais vue,avec 3 poireaux, des tranches de jambon et un cervelas\u2026.&nbsp;!! Un&hellip;&nbsp;<a href=\"https:\/\/www.marmouzic.org\/index.php\/seraphine-et-le-loup-enrhume\/\" rel=\"bookmark\">Lire la suite &raquo;<span class=\"screen-reader-text\">S\u00e9raphine et le Loup Enrhum\u00e9<\/span><\/a><\/p>\n","protected":false},"author":1,"featured_media":1829,"parent":0,"menu_order":0,"comment_status":"closed","ping_status":"closed","template":"","meta":{"neve_meta_sidebar":"right","neve_meta_container":"","neve_meta_enable_content_width":"on","neve_meta_content_width":70,"neve_meta_title_alignment":"","neve_meta_author_avatar":"","neve_post_elements_order":"","neve_meta_disable_header":"","neve_meta_disable_footer":"","neve_meta_disable_title":"","footnotes":""},"class_list":["post-61","page","type-page","status-publish","has-post-thumbnail","hentry"],"featured_image_src":"https:\/\/www.marmouzic.org\/wp-content\/uploads\/2020\/11\/bandeau-Seraphine-loup2.jpg","featured_image_src_square":"https:\/\/www.marmouzic.org\/wp-content\/uploads\/2020\/11\/bandeau-Seraphine-loup2.jpg","_links":{"self":[{"href":"https:\/\/www.marmouzic.org\/index.php\/wp-json\/wp\/v2\/pages\/61","targetHints":{"allow":["GET"]}}],"collection":[{"href":"https:\/\/www.marmouzic.org\/index.php\/wp-json\/wp\/v2\/pages"}],"about":[{"href":"https:\/\/www.marmouzic.org\/index.php\/wp-json\/wp\/v2\/types\/page"}],"author":[{"embeddable":true,"href":"https:\/\/www.marmouzic.org\/index.php\/wp-json\/wp\/v2\/users\/1"}],"replies":[{"embeddable":true,"href":"https:\/\/www.marmouzic.org\/index.php\/wp-json\/wp\/v2\/comments?post=61"}],"version-history":[{"count":20,"href":"https:\/\/www.marmouzic.org\/index.php\/wp-json\/wp\/v2\/pages\/61\/revisions"}],"predecessor-version":[{"id":6165,"href":"https:\/\/www.marmouzic.org\/index.php\/wp-json\/wp\/v2\/pages\/61\/revisions\/6165"}],"wp:featuredmedia":[{"embeddable":true,"href":"https:\/\/www.marmouzic.org\/index.php\/wp-json\/wp\/v2\/media\/1829"}],"wp:attachment":[{"href":"https:\/\/www.marmouzic.org\/index.php\/wp-json\/wp\/v2\/media?parent=61"}],"curies":[{"name":"wp","href":"https:\/\/api.w.org\/{rel}","templated":true}]}}