{"id":9353,"date":"2025-10-10T16:44:38","date_gmt":"2025-10-10T14:44:38","guid":{"rendered":"https:\/\/www.marmouzic.org\/?page_id=9353"},"modified":"2025-10-30T17:10:54","modified_gmt":"2025-10-30T16:10:54","slug":"projet-culture-en-partage","status":"publish","type":"page","link":"https:\/\/www.marmouzic.org\/index.php\/projet-culture-en-partage\/","title":{"rendered":"Projet Culture en partage"},"content":{"rendered":"\n<p class=\"has-large-font-size\"><strong><mark style=\"background-color:rgba(0, 0, 0, 0);color:#e11717\" class=\"has-inline-color\">Une journ\u00e9e de f\u00eate autour de la m\u00e9moire locale.<\/mark><\/strong><\/p>\n\n\n\n<p class=\"has-medium-font-size\"><strong>A travers le projet \u00ab\u00a0Culture en Partage\u00a0\u00bb, Catherine Le Flochmoan souhaite s\u2019adresser aux communes \u00e9loign\u00e9es des lieux culturels, s\u2019adresser aux habitants en venant au plus pr\u00e8s d\u2019eux, pour cr\u00e9er une proximit\u00e9 entre ses spectacles et leur vies, leur quotidien.<\/strong><\/p>\n\n\n\n<p class=\"has-medium-font-size\"><strong>Ce projet a pour but de cr\u00e9er ainsi un moment convivial impliquant tous les acteurs de la commune, petits et grands, pour une journ\u00e9e de f\u00eate autour de la m\u00e9moire locale.<br><br>Ce programme pourra en outre s&rsquo;accompagner, d&rsquo;expositions d&rsquo;images locales, de t\u00e9moignages de la part d&rsquo;habitants de la commune (avec possibilit\u00e9 d&rsquo;un collectage en amont et d&rsquo;une restitution le jour J), de la projection d&rsquo;images d&rsquo;archives sp\u00e9cifiques de la commune avant le spectacle, d&rsquo;un repas\u2026<\/strong><\/p>\n\n\n\n<p class=\"has-medium-font-size\">Ce projet a re\u00e7u le soutien du Conseil D\u00e9partemental du Finist\u00e8re.<br><\/p>\n\n\n\n<p class=\"has-medium-font-size\"><strong><mark style=\"background-color:rgba(0, 0, 0, 0)\" class=\"has-inline-color has-nv-c-2-color\">Cette animation culturelle est articul\u00e9e autour :<\/mark><\/strong><\/p>\n\n\n\n<p class=\"has-large-font-size\"><strong><a href=\"https:\/\/www.marmouzic.org\/index.php\/contes-bretons\/\"><mark style=\"background-color:rgba(0, 0, 0, 0);color:#e70d0d\" class=\"has-inline-color\">Un programme de Contes Bretons pour enfants <\/mark><\/a><\/strong><\/p>\n\n\n\n<p class=\"has-medium-font-size\"><strong><mark style=\"background-color:rgba(0, 0, 0, 0)\" class=\"has-inline-color has-neve-link-hover-color-color\">Ce programme accompagn\u00e9 \u00e0 l&rsquo;accord\u00e9on et aux objets sonores,est adapt\u00e9 \u00e0 l&rsquo;\u00e2ge des enfants. Il est propos\u00e9 dans la journ\u00e9e aux \u00e9coles, centres de loisirs, m\u00e9diath\u00e8ques&#8230; pour que les plus jeune participe \u00e0 cette journ\u00e9e de f\u00eate autour de la ruralit\u00e9.<\/mark><\/strong><\/p>\n\n\n\n<p class=\"has-large-font-size\"><strong><a href=\"https:\/\/www.marmouzic.org\/index.php\/le-temps-des-fileuses-creation-2019\/\"><mark style=\"background-color:rgba(0, 0, 0, 0);color:#e11818\" class=\"has-inline-color\">Un spectacle m\u00ealant contes, images d&rsquo;archives et musique vivante: \u00ab\u00a0Le Temps des fileuses\u00a0\u00bb pour le tout public<\/mark><\/a><\/strong><\/p>\n\n\n\n<p class=\"has-medium-font-size\"><strong><a href=\"https:\/\/www.marmouzic.org\/index.php\/le-temps-des-fileuses-creation-2019\/\" data-type=\"page\" data-id=\"36\" target=\"_blank\" rel=\"noreferrer noopener\">\u00ab\u00a0Le Temps des fileuses\u00a0\u00bb<\/a> est propos\u00e9 le<\/strong> <strong>soir ou en fin d&rsquo;apr\u00e8s midi pour tout public.<\/strong><br><br><strong><mark style=\"background-color:rgba(0, 0, 0, 0)\" class=\"has-inline-color has-neve-link-hover-color-color\">Ce spectacle est un voyage en images, en musique et en contes dans la Bretagne rurale des ann\u00e9es 1930 \u00e0 1950. <br>Dans ce spectacle, la conteuse entra\u00eene les spectateurs dans 3 contes souriants, voire truculents auquel r\u00e9pondent des chansons du r\u00e9pertoire breton, et 4 films courts r\u00e9alis\u00e9s avec des images d&rsquo;archives de la cin\u00e9math\u00e8que de Bretagne, partenaire de ce spectacle, le tout accompagn\u00e9 \u00e0 l&rsquo;accord\u00e9on par le musicien J\u00e9r\u00f4me Soulas, avec \u00e0 la fois des musiques du r\u00e9pertoire traditionnel et d&rsquo;autres plus actuelles compos\u00e9es par Christofer Bjurstr\u00f6m.<\/mark><\/strong><\/p>\n\n\n\n<p>Ce projet a pour but de cr\u00e9er ainsi un moment convivial impliquant tous les acteurs de la commune, petits et grands, pour une journ\u00e9e de f\u00eate autour de la m\u00e9moire locale.<br>Ce programme pourra en outre s&rsquo;accompagner, d&rsquo;expositions d&rsquo;images locales, de t\u00e9moignages de la part d&rsquo;habitants de la commune (avec possibilit\u00e9 d&rsquo;un collectage en amont et d&rsquo;une restitution le jour J), de la projection d&rsquo;images d&rsquo;archives sp\u00e9cifiques de la commune avant le spectacle, d&rsquo;un repas\u2026<\/p>\n\n\n\n<p>Ce projet a re\u00e7u le soutien du Conseil D\u00e9partemental du Finist\u00e8re.<\/p>\n\n\n\n<figure class=\"wp-block-image size-large is-resized\"><img loading=\"lazy\" decoding=\"async\" width=\"1024\" height=\"681\" src=\"https:\/\/www.marmouzic.org\/wp-content\/uploads\/2022\/10\/DSC_4146a-chant-photo-Thierry-Tanter-1024x681.jpg\" alt=\"\" class=\"wp-image-6085\" style=\"width:1170px;height:auto\" srcset=\"https:\/\/www.marmouzic.org\/wp-content\/uploads\/2022\/10\/DSC_4146a-chant-photo-Thierry-Tanter-1024x681.jpg 1024w, https:\/\/www.marmouzic.org\/wp-content\/uploads\/2022\/10\/DSC_4146a-chant-photo-Thierry-Tanter-300x200.jpg 300w, https:\/\/www.marmouzic.org\/wp-content\/uploads\/2022\/10\/DSC_4146a-chant-photo-Thierry-Tanter-768x511.jpg 768w, https:\/\/www.marmouzic.org\/wp-content\/uploads\/2022\/10\/DSC_4146a-chant-photo-Thierry-Tanter-391x260.jpg 391w, https:\/\/www.marmouzic.org\/wp-content\/uploads\/2022\/10\/DSC_4146a-chant-photo-Thierry-Tanter-1536x1022.jpg 1536w, https:\/\/www.marmouzic.org\/wp-content\/uploads\/2022\/10\/DSC_4146a-chant-photo-Thierry-Tanter-2048x1363.jpg 2048w, https:\/\/www.marmouzic.org\/wp-content\/uploads\/2022\/10\/DSC_4146a-chant-photo-Thierry-Tanter-600x400.jpg 600w, https:\/\/www.marmouzic.org\/wp-content\/uploads\/2022\/10\/DSC_4146a-chant-photo-Thierry-Tanter-272x182.jpg 272w\" sizes=\"auto, (max-width: 1024px) 100vw, 1024px\" \/><\/figure>\n\n\n\n<p><\/p>\n","protected":false},"excerpt":{"rendered":"<p>Une journ\u00e9e de f\u00eate autour de la m\u00e9moire locale. A travers le projet \u00ab\u00a0Culture en Partage\u00a0\u00bb, Catherine Le Flochmoan souhaite s\u2019adresser aux communes \u00e9loign\u00e9es des lieux culturels, s\u2019adresser aux habitants en venant au plus pr\u00e8s d\u2019eux, pour cr\u00e9er une proximit\u00e9 entre ses spectacles et leur vies, leur quotidien. Ce projet a pour but de cr\u00e9er&hellip;&nbsp;<a href=\"https:\/\/www.marmouzic.org\/index.php\/projet-culture-en-partage\/\" rel=\"bookmark\">Lire la suite &raquo;<span class=\"screen-reader-text\">Projet Culture en partage<\/span><\/a><\/p>\n","protected":false},"author":1,"featured_media":0,"parent":0,"menu_order":0,"comment_status":"closed","ping_status":"closed","template":"","meta":{"neve_meta_sidebar":"","neve_meta_container":"","neve_meta_enable_content_width":"","neve_meta_content_width":0,"neve_meta_title_alignment":"","neve_meta_author_avatar":"","neve_post_elements_order":"","neve_meta_disable_header":"","neve_meta_disable_footer":"","neve_meta_disable_title":"","footnotes":""},"class_list":["post-9353","page","type-page","status-publish","hentry"],"featured_image_src":null,"featured_image_src_square":null,"_links":{"self":[{"href":"https:\/\/www.marmouzic.org\/index.php\/wp-json\/wp\/v2\/pages\/9353","targetHints":{"allow":["GET"]}}],"collection":[{"href":"https:\/\/www.marmouzic.org\/index.php\/wp-json\/wp\/v2\/pages"}],"about":[{"href":"https:\/\/www.marmouzic.org\/index.php\/wp-json\/wp\/v2\/types\/page"}],"author":[{"embeddable":true,"href":"https:\/\/www.marmouzic.org\/index.php\/wp-json\/wp\/v2\/users\/1"}],"replies":[{"embeddable":true,"href":"https:\/\/www.marmouzic.org\/index.php\/wp-json\/wp\/v2\/comments?post=9353"}],"version-history":[{"count":5,"href":"https:\/\/www.marmouzic.org\/index.php\/wp-json\/wp\/v2\/pages\/9353\/revisions"}],"predecessor-version":[{"id":9406,"href":"https:\/\/www.marmouzic.org\/index.php\/wp-json\/wp\/v2\/pages\/9353\/revisions\/9406"}],"wp:attachment":[{"href":"https:\/\/www.marmouzic.org\/index.php\/wp-json\/wp\/v2\/media?parent=9353"}],"curies":[{"name":"wp","href":"https:\/\/api.w.org\/{rel}","templated":true}]}}